{"id":16167,"date":"2026-06-22T13:54:18","date_gmt":"2026-06-22T11:54:18","guid":{"rendered":"https:\/\/www.denatuurlijkekappershop.nl\/?post_type=product&#038;p=16167"},"modified":"2026-08-28T12:17:19","modified_gmt":"2026-08-28T10:17:19","slug":"condicionador-reparador-com-proteinas-conscio","status":"publish","type":"product","link":"https:\/\/www.denatuurlijkekappershop.nl\/pt\/conscio-herstellende-proteine-conditioner\/","title":{"rendered":"CONSCIO Condicionador Reparador com Prote\u00ednas"},"content":{"rendered":"<p>O Condicionador Reparador com Prote\u00ednas da CONSCIO foi desenvolvido para cabelos danificados, sens\u00edveis e fr\u00e1geis que necessitam de cuidados fortalecedores. A f\u00f3rmula combina prote\u00ednas de arroz e de trigo com \u00f3leo de arg\u00e3o nutritivo e manteiga de manga. Desta forma, o cabelo recebe tanto prote\u00ednas como l\u00edpidos nutritivos.<\/p>\n<p>A prote\u00edna de arroz hidrolisada ajuda a deixar o cabelo com um toque mais suave e brilhante. A prote\u00edna de trigo ajuda a manter o equil\u00edbrio h\u00eddrico e contribui para tornar as fibras capilares fr\u00e1geis mais fortes e resistentes. O \u00f3leo de arg\u00e3o biol\u00f3gico prensado a frio e a manteiga de manga nutrem os comprimentos e as pontas secas, proporcionando uma suavidade e elasticidade adicionais.<\/p>\n<p>O condicionador ajuda a reduzir os emaranhados e facilita a pentea\u00e7\u00e3o. Ap\u00f3s a utiliza\u00e7\u00e3o, o cabelo fica com um toque cuidado, sedoso e menos fr\u00e1gil. A f\u00f3rmula \u00e9 adequada para cabelos finos, mas tamb\u00e9m pode ser utilizada em cabelos danificados, pintados, descolorados ou que s\u00e3o regularmente alisados com calor.<\/p>\n<p>Gra\u00e7as ao \u00f3leo natural de flor de laranjeira, o condicionador tem um aroma floral subtil. A f\u00f3rmula \u00e9 100% natural, vegan e \u00e9 produzida na B\u00e9lgica. O frasco cont\u00e9m 250 ml.<\/p>","protected":false},"excerpt":{"rendered":"<p>Condicionador com prote\u00ednas naturais para cabelos danificados, fr\u00e1geis e finos. As prote\u00ednas de arroz e de trigo refor\u00e7am a estrutura capilar, enquanto o \u00f3leo de arg\u00e3o biol\u00f3gico e a manteiga de manga nutrem intensamente o cabelo. Torna o cabelo mais forte, mais macio, mais brilhante e mais f\u00e1cil de pentear, com um aroma subtil a flor de laranjeira.<br \/>\n<strong>Dispon\u00edvel num frasco de 250 ml e numa embalagem de recarga ecol\u00f3gica de 500 ml.<\/strong><\/p>","protected":false},"featured_media":16168,"comment_status":"closed","ping_status":"closed","template":"","meta":{"_acf_changed":false},"product_brand":[693],"product_cat":[694,417],"product_tag":[],"class_list":["post-16167","product","type-product","status-publish","has-post-thumbnail","product_brand-conscio","product_cat-conscio","product_cat-conditioner-en-masker","pa_certificering-100-recyclebare-verpakking","pa_certificering-100-vegan","pa_geschikt-voor-beschadigd-haar","pa_geschikt-voor-breekbaar-haar","pa_geschikt-voor-dof-haar","pa_geschikt-voor-droog-haar","pa_geschikt-voor-fijn-dun-haar","pa_geschikt-voor-geirriteerde-hoofdhuid","pa_geschikt-voor-geblondeerd-haar","pa_geschikt-voor-gekleurd-of-chemisch-behandeld-haar","pa_geschikt-voor-gespleten-haarpunten","pa_geschikt-voor-gevoelige-hoofdhuid","pa_geschikt-voor-kwetsbaar-haar","pa_geschikt-voor-normaal-haar","pa_geschikt-voor-ontkleurd-haar","pa_geschikt-voor-poreur-haar","pa_inhoud-250ml","pa_inhoud-500ml","pa_merk-conscio","pa_soort-product-haar-huid-herstel","pa_soort-product-haarverzorging","first","instock","taxable","shipping-taxable","purchasable","product-type-variable"],"composite_virtual":false,"composite_layout":"","composite_add_to_cart_form_location":"","composite_editable_in_cart":false,"composite_sold_individually_context":"","composite_shop_price_calc":"","composite_components":[],"composite_scenarios":[],"exclude_global_add_ons":[],"addons":[],"acf":[],"_links":{"self":[{"href":"https:\/\/www.denatuurlijkekappershop.nl\/pt\/wp-json\/wp\/v2\/product\/16167","targetHints":{"allow":["GET"]}}],"collection":[{"href":"https:\/\/www.denatuurlijkekappershop.nl\/pt\/wp-json\/wp\/v2\/product"}],"about":[{"href":"https:\/\/www.denatuurlijkekappershop.nl\/pt\/wp-json\/wp\/v2\/types\/product"}],"replies":[{"embeddable":true,"href":"https:\/\/www.denatuurlijkekappershop.nl\/pt\/wp-json\/wp\/v2\/comments?post=16167"}],"wp:featuredmedia":[{"embeddable":true,"href":"https:\/\/www.denatuurlijkekappershop.nl\/pt\/wp-json\/wp\/v2\/media\/16168"}],"wp:attachment":[{"href":"https:\/\/www.denatuurlijkekappershop.nl\/pt\/wp-json\/wp\/v2\/media?parent=16167"}],"wp:term":[{"taxonomy":"product_brand","embeddable":true,"href":"https:\/\/www.denatuurlijkekappershop.nl\/pt\/wp-json\/wp\/v2\/product_brand?post=16167"},{"taxonomy":"product_cat","embeddable":true,"href":"https:\/\/www.denatuurlijkekappershop.nl\/pt\/wp-json\/wp\/v2\/product_cat?post=16167"},{"taxonomy":"product_tag","embeddable":true,"href":"https:\/\/www.denatuurlijkekappershop.nl\/pt\/wp-json\/wp\/v2\/product_tag?post=16167"}],"curies":[{"name":"wp","href":"https:\/\/api.w.org\/{rel}","templated":true}]}}

CONSCIO Condicionador Reparador com Proteínas

<p>O Condicionador Reparador com Proteínas da CONSCIO foi desenvolvido para cabelos danificados, sensíveis e frágeis que necessitam de cuidados fortalecedores. A fórmula combina proteínas de arroz e de trigo com óleo de argão nutritivo e manteiga de manga. Desta forma, o cabelo recebe tanto proteínas como lípidos nutritivos.</p>
<p>A proteína de arroz hidrolisada ajuda a deixar o cabelo com um toque mais suave e brilhante. A proteína de trigo ajuda a manter o equilíbrio hídrico e contribui para tornar as fibras capilares frágeis mais fortes e resistentes. O óleo de argão biológico prensado a frio e a manteiga de manga nutrem os comprimentos e as pontas secas, proporcionando uma suavidade e elasticidade adicionais.</p>
<p>O condicionador ajuda a reduzir os emaranhados e facilita a penteação. Após a utilização, o cabelo fica com um toque cuidado, sedoso e menos frágil. A fórmula é adequada para cabelos finos, mas também pode ser utilizada em cabelos danificados, pintados, descolorados ou que são regularmente alisados com calor.</p>
<p>Graças ao óleo natural de flor de laranjeira, o condicionador tem um aroma floral subtil. A fórmula é 100% natural, vegan e é produzida na Bélgica. O frasco contém 250 ml.</p>

<p>Condicionador com proteínas naturais para cabelos danificados, frágeis e finos. As proteínas de arroz e de trigo reforçam a estrutura capilar, enquanto o óleo de argão biológico e a manteiga de manga nutrem intensamente o cabelo. Torna o cabelo mais forte, mais macio, mais brilhante e mais fácil de pentear, com um aroma subtil a flor de laranjeira.<br />
<strong>Disponível num frasco de 250 ml e numa embalagem de recarga ecológica de 500 ml.</strong></p>
