{"id":16160,"date":"2026-06-22T13:32:20","date_gmt":"2026-06-22T11:32:20","guid":{"rendered":"https:\/\/www.denatuurlijkekappershop.nl\/?post_type=product&#038;p=16160"},"modified":"2026-07-19T11:59:17","modified_gmt":"2026-07-19T09:59:17","slug":"soro-para-o-couro-cabeludo-com-propriedades-nutritivas-da-conscio-com-oleo-de-sementes-de-cominho-preto-50-ml","status":"publish","type":"product","link":"https:\/\/www.denatuurlijkekappershop.nl\/pt\/conscio-verzorgend-haar-hoofdhuidserum-met-zwarte-komijnzaadolie-50-ml\/","title":{"rendered":"CONSCIO Soro Cuidador para o Cabelo e o Couro Cabeludo com \u00d3leo de Sementes de Cominho Preto 50 ml"},"content":{"rendered":"<p>O Soro CONSCIO para o Cuidado do Cabelo e do Couro Cabeludo \u00e9 um tratamento natural intensivo para o couro cabeludo seco, sens\u00edvel, irritado ou com descama\u00e7\u00e3o. A f\u00f3rmula \u00e9 composta inteiramente por \u00f3leo de sementes de cominho preto puro, biol\u00f3gico e prensado a frio, sem aditivos desnecess\u00e1rios.<\/p>\n<p>O \u00f3leo de sementes de cominho preto \u00e9 rico em antioxidantes naturais e em \u00e1cidos gordos nutritivos. O \u00f3leo hidrata intensamente o couro cabeludo e ajuda a reduzir a vermelhid\u00e3o, a sensa\u00e7\u00e3o de repuxar e a irrita\u00e7\u00e3o. Assim, o couro cabeludo volta a sentir-se mais calmo e equilibrado. O s\u00e9rum \u00e9 particularmente indicado para o couro cabeludo seco e com descama\u00e7\u00e3o vis\u00edvel ou caspa.<\/p>\n<p>Tamb\u00e9m os comprimentos e as pontas do cabelo beneficiam das propriedades nutritivas do \u00f3leo. Como tratamento capilar, o s\u00e9rum ajuda a tornar o cabelo seco, ba\u00e7o e fr\u00e1gil mais macio, mais flex\u00edvel e mais brilhante. Ap\u00f3s a lavagem, o cabelo fica com um toque cuidado e menos quebradi\u00e7o.<\/p>\n<p>Utilize o s\u00e9rum como tratamento intensivo do couro cabeludo antes da lavagem ou aplique uma pequena quantidade nas pontas secas do cabelo. O s\u00e9rum \u00e9 100% natural, vegan e prensado a frio. O frasco cont\u00e9m 50 ml.<\/p>","protected":false},"excerpt":{"rendered":"<p>S\u00e9rum de cuidado puro com \u00f3leo de sementes de cominho preto biol\u00f3gico, prensado a frio. Hidrata e cuida do couro cabeludo seco, irritado ou escamoso, ajudando a manter o equil\u00edbrio natural. Tamb\u00e9m \u00e9 adequado como \u00f3leo capilar nutritivo para pontas macias, fortes e brilhantes.<\/p>","protected":false},"featured_media":16161,"comment_status":"closed","ping_status":"closed","template":"","meta":{"_acf_changed":false},"product_brand":[693],"product_cat":[694,417],"product_tag":[],"class_list":["post-16160","product","type-product","status-publish","has-post-thumbnail","product_brand-conscio","product_cat-conscio","product_cat-conditioner-en-masker","pa_certificering-100-recyclebare-verpakking","pa_certificering-100-vegan","pa_geschikt-voor-anti-roos","pa_geschikt-voor-beschadigd-haar","pa_geschikt-voor-breekbaar-haar","pa_geschikt-voor-dof-haar","pa_geschikt-voor-droge-huid","pa_geschikt-voor-droog-haar","pa_geschikt-voor-geirriteerde-hoofdhuid","pa_geschikt-voor-gevoelige-hoofdhuid","pa_geschikt-voor-krullen","pa_geschikt-voor-kwetsbaar-haar","pa_geschikt-voor-pluizig-haar","pa_geschikt-voor-schilferige-hoofdhuid","pa_inhoud-50-ml","pa_merk-conscio","pa_soort-product-haar-huid-herstel","pa_soort-product-haarverzorging","pa_soort-product-oil-treatments","first","onbackorder","taxable","shipping-taxable","purchasable","product-type-simple"],"composite_virtual":false,"composite_layout":"","composite_add_to_cart_form_location":"","composite_editable_in_cart":false,"composite_sold_individually_context":"","composite_shop_price_calc":"","composite_components":[],"composite_scenarios":[],"exclude_global_add_ons":[],"addons":[],"acf":[],"_links":{"self":[{"href":"https:\/\/www.denatuurlijkekappershop.nl\/pt\/wp-json\/wp\/v2\/product\/16160","targetHints":{"allow":["GET"]}}],"collection":[{"href":"https:\/\/www.denatuurlijkekappershop.nl\/pt\/wp-json\/wp\/v2\/product"}],"about":[{"href":"https:\/\/www.denatuurlijkekappershop.nl\/pt\/wp-json\/wp\/v2\/types\/product"}],"replies":[{"embeddable":true,"href":"https:\/\/www.denatuurlijkekappershop.nl\/pt\/wp-json\/wp\/v2\/comments?post=16160"}],"wp:featuredmedia":[{"embeddable":true,"href":"https:\/\/www.denatuurlijkekappershop.nl\/pt\/wp-json\/wp\/v2\/media\/16161"}],"wp:attachment":[{"href":"https:\/\/www.denatuurlijkekappershop.nl\/pt\/wp-json\/wp\/v2\/media?parent=16160"}],"wp:term":[{"taxonomy":"product_brand","embeddable":true,"href":"https:\/\/www.denatuurlijkekappershop.nl\/pt\/wp-json\/wp\/v2\/product_brand?post=16160"},{"taxonomy":"product_cat","embeddable":true,"href":"https:\/\/www.denatuurlijkekappershop.nl\/pt\/wp-json\/wp\/v2\/product_cat?post=16160"},{"taxonomy":"product_tag","embeddable":true,"href":"https:\/\/www.denatuurlijkekappershop.nl\/pt\/wp-json\/wp\/v2\/product_tag?post=16160"}],"curies":[{"name":"wp","href":"https:\/\/api.w.org\/{rel}","templated":true}]}}

CONSCIO Soro Cuidador para o Cabelo e o Couro Cabeludo com Óleo de Sementes de Cominho Preto 50 ml

<p>O Soro CONSCIO para o Cuidado do Cabelo e do Couro Cabeludo é um tratamento natural intensivo para o couro cabeludo seco, sensível, irritado ou com descamação. A fórmula é composta inteiramente por óleo de sementes de cominho preto puro, biológico e prensado a frio, sem aditivos desnecessários.</p>
<p>O óleo de sementes de cominho preto é rico em antioxidantes naturais e em ácidos gordos nutritivos. O óleo hidrata intensamente o couro cabeludo e ajuda a reduzir a vermelhidão, a sensação de repuxar e a irritação. Assim, o couro cabeludo volta a sentir-se mais calmo e equilibrado. O sérum é particularmente indicado para o couro cabeludo seco e com descamação visível ou caspa.</p>
<p>Também os comprimentos e as pontas do cabelo beneficiam das propriedades nutritivas do óleo. Como tratamento capilar, o sérum ajuda a tornar o cabelo seco, baço e frágil mais macio, mais flexível e mais brilhante. Após a lavagem, o cabelo fica com um toque cuidado e menos quebradiço.</p>
<p>Utilize o sérum como tratamento intensivo do couro cabeludo antes da lavagem ou aplique uma pequena quantidade nas pontas secas do cabelo. O sérum é 100% natural, vegan e prensado a frio. O frasco contém 50 ml.</p>

<p>Sérum de cuidado puro com óleo de sementes de cominho preto biológico, prensado a frio. Hidrata e cuida do couro cabeludo seco, irritado ou escamoso, ajudando a manter o equilíbrio natural. Também é adequado como óleo capilar nutritivo para pontas macias, fortes e brilhantes.</p>
