{"id":16150,"date":"2026-06-22T13:10:10","date_gmt":"2026-06-22T11:10:10","guid":{"rendered":"https:\/\/www.denatuurlijkekappershop.nl\/?post_type=product&#038;p=16150"},"modified":"2026-08-05T19:19:13","modified_gmt":"2026-08-05T17:19:13","slug":"conscio-condicionador-sem-enxaguamento-nutritivo-e-desembaracante-150-ml","status":"publish","type":"product","link":"https:\/\/www.denatuurlijkekappershop.nl\/pt\/conscio-verzorgende-ontwarrende-leave-in-conditioner-150-ml\/","title":{"rendered":"CONSCIO Condicionador sem enxaguamento Nutritivo e Desembara\u00e7ante 150 ml"},"content":{"rendered":"<p>O Condicionador Leave-in Nutritivo e Desembara\u00e7ante da CONSCIO \u00e9 um spray nutritivo leve para cabelos que precisam de um extra de suavidade, brilho e facilidade de pentear. O condicionador leave-in ajuda a desembara\u00e7ar os n\u00f3s e a controlar o cabelo crespo, sem necessidade de enxaguar o produto.<\/p>\n<p>A f\u00f3rmula cont\u00e9m manteiga de manga nutritiva e \u00f3leo de arg\u00e3o. A manteiga de manga ajuda a suavizar o cabelo seco e rebelde, enquanto o \u00f3leo de arg\u00e3o nutre o cabelo e confere-lhe um brilho natural. A glicerina e a beta\u00edna ajudam a manter a hidrata\u00e7\u00e3o do cabelo, tornando-o mais macio ao toque e mais f\u00e1cil de pentear.<\/p>\n<p>Ap\u00f3s a lavagem, pulverize o condicionador no cabelo secado com toalha e distribua-o principalmente ao longo dos comprimentos e nas pontas. O spray tamb\u00e9m pode ser utilizado no cabelo seco para cuidar das pontas ao longo do dia, reduzir o frizz e devolver o brilho ao cabelo. O produto \u00e9 adequado para todos os tipos de cabelo, incluindo cabelo liso, ondulado e encaracolado, e pode ser utilizado diariamente. O frasco cont\u00e9m 150 ml.<\/p>","protected":false},"excerpt":{"rendered":"<p>Condicionador natural sem enxaguamento com manteiga de manga e \u00f3leo de arg\u00e3o que nutre o cabelo, facilita o desembara\u00e7amento e ajuda a reduzir o frizz. Confere ao cabelo suavidade e brilho sem o deixar pesado. Adequado para todos os tipos de cabelo e para uso di\u00e1rio.<\/p>","protected":false},"featured_media":16151,"comment_status":"closed","ping_status":"closed","template":"","meta":{"_acf_changed":false},"product_brand":[693],"product_cat":[694,417,704],"product_tag":[],"class_list":["post-16150","product","type-product","status-publish","has-post-thumbnail","product_brand-conscio","product_cat-conscio","product_cat-conditioner-en-masker","product_cat-leave-in-conditioner-voor-krullen","pa_certificering-100-recyclebare-verpakking","pa_certificering-100-vegan","pa_geschikt-voor-antiklit","pa_geschikt-voor-beschadigd-haar","pa_geschikt-voor-dik-haar","pa_geschikt-voor-dof-haar","pa_geschikt-voor-droog-haar","pa_geschikt-voor-fijn-dun-haar","pa_geschikt-voor-gespleten-haarpunten","pa_geschikt-voor-krullen","pa_geschikt-voor-pluizig-haar","pa_inhoud-150ml","pa_merk-conscio","pa_soort-product-haarverzorging","first","onbackorder","taxable","shipping-taxable","purchasable","product-type-simple"],"composite_virtual":false,"composite_layout":"","composite_add_to_cart_form_location":"","composite_editable_in_cart":false,"composite_sold_individually_context":"","composite_shop_price_calc":"","composite_components":[],"composite_scenarios":[],"exclude_global_add_ons":[],"addons":[],"acf":[],"_links":{"self":[{"href":"https:\/\/www.denatuurlijkekappershop.nl\/pt\/wp-json\/wp\/v2\/product\/16150","targetHints":{"allow":["GET"]}}],"collection":[{"href":"https:\/\/www.denatuurlijkekappershop.nl\/pt\/wp-json\/wp\/v2\/product"}],"about":[{"href":"https:\/\/www.denatuurlijkekappershop.nl\/pt\/wp-json\/wp\/v2\/types\/product"}],"replies":[{"embeddable":true,"href":"https:\/\/www.denatuurlijkekappershop.nl\/pt\/wp-json\/wp\/v2\/comments?post=16150"}],"wp:featuredmedia":[{"embeddable":true,"href":"https:\/\/www.denatuurlijkekappershop.nl\/pt\/wp-json\/wp\/v2\/media\/16151"}],"wp:attachment":[{"href":"https:\/\/www.denatuurlijkekappershop.nl\/pt\/wp-json\/wp\/v2\/media?parent=16150"}],"wp:term":[{"taxonomy":"product_brand","embeddable":true,"href":"https:\/\/www.denatuurlijkekappershop.nl\/pt\/wp-json\/wp\/v2\/product_brand?post=16150"},{"taxonomy":"product_cat","embeddable":true,"href":"https:\/\/www.denatuurlijkekappershop.nl\/pt\/wp-json\/wp\/v2\/product_cat?post=16150"},{"taxonomy":"product_tag","embeddable":true,"href":"https:\/\/www.denatuurlijkekappershop.nl\/pt\/wp-json\/wp\/v2\/product_tag?post=16150"}],"curies":[{"name":"wp","href":"https:\/\/api.w.org\/{rel}","templated":true}]}}

CONSCIO Condicionador sem enxaguamento Nutritivo e Desembaraçante 150 ml

<p>O Condicionador Leave-in Nutritivo e Desembaraçante da CONSCIO é um spray nutritivo leve para cabelos que precisam de um extra de suavidade, brilho e facilidade de pentear. O condicionador leave-in ajuda a desembaraçar os nós e a controlar o cabelo crespo, sem necessidade de enxaguar o produto.</p>
<p>A fórmula contém manteiga de manga nutritiva e óleo de argão. A manteiga de manga ajuda a suavizar o cabelo seco e rebelde, enquanto o óleo de argão nutre o cabelo e confere-lhe um brilho natural. A glicerina e a betaína ajudam a manter a hidratação do cabelo, tornando-o mais macio ao toque e mais fácil de pentear.</p>
<p>Após a lavagem, pulverize o condicionador no cabelo secado com toalha e distribua-o principalmente ao longo dos comprimentos e nas pontas. O spray também pode ser utilizado no cabelo seco para cuidar das pontas ao longo do dia, reduzir o frizz e devolver o brilho ao cabelo. O produto é adequado para todos os tipos de cabelo, incluindo cabelo liso, ondulado e encaracolado, e pode ser utilizado diariamente. O frasco contém 150 ml.</p>

<p>Condicionador natural sem enxaguamento com manteiga de manga e óleo de argão que nutre o cabelo, facilita o desembaraçamento e ajuda a reduzir o frizz. Confere ao cabelo suavidade e brilho sem o deixar pesado. Adequado para todos os tipos de cabelo e para uso diário.</p>
