{"id":15603,"date":"2026-03-01T20:02:14","date_gmt":"2026-03-01T19:02:14","guid":{"rendered":"https:\/\/www.denatuurlijkekappershop.nl\/?post_type=product&#038;p=15603"},"modified":"2026-03-06T11:02:51","modified_gmt":"2026-03-06T10:02:51","slug":"recipiente-cap-bambou-para-tinturas-capilares-a-base-de-plantas-grande-o-23-cm-altura-8-cm","status":"publish","type":"product","link":"https:\/\/www.denatuurlijkekappershop.nl\/pt\/cap-bambou-haarverf-bakje-voor-plantaardige-kleuringen-groot-o-23-cm-hoogte-8-cm\/","title":{"rendered":"Cap Bambou \u2013 Recipiente para tinturas capilares \u00e0 base de plantas, tamanho grande \u2013 \u00d8 23 cm \u2013 altura 8 cm"},"content":{"rendered":"<p class=\"wp-block-paragraph\">O Cap Bambou <strong>recipiente de tinta em bambu<\/strong> \u00c9 uma ta\u00e7a de mistura sustent\u00e1vel e elegante para a prepara\u00e7\u00e3o de tinturas naturais para o cabelo, colora\u00e7\u00f5es \u00e0 base de plantas e m\u00e1scaras capilares. A ta\u00e7a \u00e9 feita de bambu comprimido, um material resistente e rapidamente renov\u00e1vel que se adapta na perfei\u00e7\u00e3o a um sal\u00e3o de cabeleireiro natural como o De Natuurlijke Kapper.<\/p>\n\n\n\n<p class=\"wp-block-paragraph\"><strong>Com um di\u00e2metro de 23 cm e uma altura de 8 cm <\/strong>A cuba de tinta oferece espa\u00e7o suficiente para misturar bem as cores sem derramar. As paredes resistentes e o acabamento liso garantem que a cuba seja confort\u00e1vel de utilizar e f\u00e1cil de limpar.<\/p>\n\n\n\n<p class=\"wp-block-paragraph\">Gra\u00e7as ao material natural, este recipiente para tinta \u00e9 uma excelente alternativa \u00e0s ta\u00e7as de mistura de pl\u00e1stico e enquadra-se perfeitamente nas pr\u00e1ticas sustent\u00e1veis dos sal\u00f5es de beleza. <strong>A cor pode variar ligeiramente.<\/strong><\/p>\n\n\n\n<p class=\"wp-block-paragraph\">Material: Bambu<br>Di\u00e2metro: 23 cm<br>Altura: 8 cm<br>Cor: Cor natural do bambu<\/p>","protected":false},"excerpt":{"rendered":"<p>Recipiente sustent\u00e1vel para tintas da Cap Bambou, feito de bambu natural. Ideal para misturar e aplicar corantes vegetais e tintas naturais para o cabelo. Resistente, elegante e reutiliz\u00e1vel.<\/p>","protected":false},"featured_media":15605,"comment_status":"open","ping_status":"closed","template":"","meta":{"_acf_changed":true},"product_brand":[649],"product_cat":[425,648,198,421],"product_tag":[560],"class_list":["post-15603","product","type-product","status-publish","has-post-thumbnail","product_brand-cap-bambou","product_cat-accessoires","product_cat-cap-bambou","product_cat-merken","product_cat-plantenkleuring","product_tag-anti-roos","pa_certificering-1-for-the-planet","pa_geschikt-voor-alle-huidtypes","pa_geschikt-voor-elk-haartype","pa_inhoud-1-stuk","pa_merk-cap-bambou","pa_soort-product-accessoires","first","instock","taxable","shipping-taxable","purchasable","product-type-simple"],"composite_virtual":false,"composite_layout":"","composite_add_to_cart_form_location":"","composite_editable_in_cart":false,"composite_sold_individually_context":"","composite_shop_price_calc":"","composite_components":[],"composite_scenarios":[],"exclude_global_add_ons":[],"addons":[],"acf":[],"_links":{"self":[{"href":"https:\/\/www.denatuurlijkekappershop.nl\/pt\/wp-json\/wp\/v2\/product\/15603","targetHints":{"allow":["GET"]}}],"collection":[{"href":"https:\/\/www.denatuurlijkekappershop.nl\/pt\/wp-json\/wp\/v2\/product"}],"about":[{"href":"https:\/\/www.denatuurlijkekappershop.nl\/pt\/wp-json\/wp\/v2\/types\/product"}],"replies":[{"embeddable":true,"href":"https:\/\/www.denatuurlijkekappershop.nl\/pt\/wp-json\/wp\/v2\/comments?post=15603"}],"wp:featuredmedia":[{"embeddable":true,"href":"https:\/\/www.denatuurlijkekappershop.nl\/pt\/wp-json\/wp\/v2\/media\/15605"}],"wp:attachment":[{"href":"https:\/\/www.denatuurlijkekappershop.nl\/pt\/wp-json\/wp\/v2\/media?parent=15603"}],"wp:term":[{"taxonomy":"product_brand","embeddable":true,"href":"https:\/\/www.denatuurlijkekappershop.nl\/pt\/wp-json\/wp\/v2\/product_brand?post=15603"},{"taxonomy":"product_cat","embeddable":true,"href":"https:\/\/www.denatuurlijkekappershop.nl\/pt\/wp-json\/wp\/v2\/product_cat?post=15603"},{"taxonomy":"product_tag","embeddable":true,"href":"https:\/\/www.denatuurlijkekappershop.nl\/pt\/wp-json\/wp\/v2\/product_tag?post=15603"}],"curies":[{"name":"wp","href":"https:\/\/api.w.org\/{rel}","templated":true}]}}

Cap Bambou – Recipiente para tinturas capilares à base de plantas, tamanho grande – Ø 23 cm – altura 8 cm

<p class="wp-block-paragraph">O Cap Bambou <strong>recipiente de tinta em bambu</strong> É uma taça de mistura sustentável e elegante para a preparação de tinturas naturais para o cabelo, colorações à base de plantas e máscaras capilares. A taça é feita de bambu comprimido, um material resistente e rapidamente renovável que se adapta na perfeição a um salão de cabeleireiro natural como o De Natuurlijke Kapper.</p>



<p class="wp-block-paragraph"><strong>Com um diâmetro de 23 cm e uma altura de 8 cm </strong>A cuba de tinta oferece espaço suficiente para misturar bem as cores sem derramar. As paredes resistentes e o acabamento liso garantem que a cuba seja confortável de utilizar e fácil de limpar.</p>



<p class="wp-block-paragraph">Graças ao material natural, este recipiente para tinta é uma excelente alternativa às taças de mistura de plástico e enquadra-se perfeitamente nas práticas sustentáveis dos salões de beleza. <strong>A cor pode variar ligeiramente.</strong></p>



<p class="wp-block-paragraph">Material: Bambu<br>Diâmetro: 23 cm<br>Altura: 8 cm<br>Cor: Cor natural do bambu</p>

<p>Recipiente sustentável para tintas da Cap Bambou, feito de bambu natural. Ideal para misturar e aplicar corantes vegetais e tintas naturais para o cabelo. Resistente, elegante e reutilizável.</p>
