{"id":12888,"date":"2024-08-27T11:43:06","date_gmt":"2024-08-27T09:43:06","guid":{"rendered":"https:\/\/www.denatuurlijkekappershop.nl\/?post_type=product&#038;p=12888"},"modified":"2026-08-28T12:17:17","modified_gmt":"2026-08-28T10:17:17","slug":"gel-anti-frizz-coeurl","status":"publish","type":"product","link":"https:\/\/www.denatuurlijkekappershop.nl\/pt\/gel-frizz-coeurl\/","title":{"rendered":"Gel Coeurl Frizz 250 ml"},"content":{"rendered":"<p>O <strong>Gel Anti-Frizz<\/strong> confere firmeza ao cabelo e ajuda a definir melhor os carac\u00f3is. O gel ajuda a reduzir o frizz e contribui para que os carac\u00f3is se mantenham bem definidos durante muito tempo, sem deixar o cabelo duro ou pegajoso.<\/p>\n<p>A f\u00f3rmula cont\u00e9m ingredientes nutritivos, como nen\u00fafar, alo\u00e9 vera e \u00e1cido hialur\u00f3nico. Esta combina\u00e7\u00e3o ajuda a hidratar e a nutrir o cabelo, tornando os carac\u00f3is mais macios, el\u00e1sticos e brilhantes ao toque.<\/p>\n<p>Gra\u00e7as \u00e0 sua f\u00f3rmula concentrada, o gel \u00e9 econ\u00f3mico e basta uma pequena quantidade para obter um belo resultado de penteado. O valor de pH entre 4,0 e 4,5 ajuda a respeitar o equil\u00edbrio natural do cabelo e do couro cabeludo.<\/p>\n<p><strong>Principais caracter\u00edsticas:<\/strong><\/p>\n<ul>\n<li>Proporciona uma fixa\u00e7\u00e3o firme e ajuda a definir os carac\u00f3is<\/li>\n<li>Ajuda a manter o cabelo hidratado<\/li>\n<li>Ajuda a reduzir o frizz e refor\u00e7a a estrutura dos carac\u00f3is<\/li>\n<li>Com nen\u00fafar, alo\u00e9 vera e \u00e1cido hialur\u00f3nico<\/li>\n<li>Confere brilho e uma sensa\u00e7\u00e3o de elasticidade<\/li>\n<li>Concentrado e econ\u00f3mico na utiliza\u00e7\u00e3o<\/li>\n<li>Contribui para o equil\u00edbrio natural do cabelo<\/li>\n<li>pH 4,0 \u2013 4,5<\/li>\n<\/ul>","protected":false},"excerpt":{"rendered":"<p>O Coeurl Frizz Gel ajuda os carac\u00f3is a manterem-se bem penteados durante todo o dia.<\/p>","protected":false},"featured_media":15444,"comment_status":"open","ping_status":"closed","template":"","meta":{"_acf_changed":false},"product_brand":[596],"product_cat":[429,198,705,430],"product_tag":[],"class_list":["post-12888","product","type-product","status-publish","has-post-thumbnail","product_brand-coeurl","product_cat-coeurl","product_cat-merken","product_cat-gel-voor-krullen","product_cat-styling","pa_certificering-1-for-the-planet","pa_certificering-100-vegan","pa_geschikt-voor-glans","pa_geschikt-voor-kort-haar","pa_geschikt-voor-krullen","pa_geschikt-voor-lang-haar","pa_geschikt-voor-medium-hold","pa_geschikt-voor-textuur","pa_geschikt-voor-versteviging","pa_geschikt-voor-voor-het-fohnen","pa_inhoud-250ml","pa_merk-rodolphe-co","pa_soort-product-styling","first","instock","taxable","shipping-taxable","purchasable","product-type-simple"],"composite_virtual":false,"composite_layout":"","composite_add_to_cart_form_location":"","composite_editable_in_cart":false,"composite_sold_individually_context":"","composite_shop_price_calc":"","composite_components":[],"composite_scenarios":[],"exclude_global_add_ons":[],"addons":[],"acf":[],"_links":{"self":[{"href":"https:\/\/www.denatuurlijkekappershop.nl\/pt\/wp-json\/wp\/v2\/product\/12888","targetHints":{"allow":["GET"]}}],"collection":[{"href":"https:\/\/www.denatuurlijkekappershop.nl\/pt\/wp-json\/wp\/v2\/product"}],"about":[{"href":"https:\/\/www.denatuurlijkekappershop.nl\/pt\/wp-json\/wp\/v2\/types\/product"}],"replies":[{"embeddable":true,"href":"https:\/\/www.denatuurlijkekappershop.nl\/pt\/wp-json\/wp\/v2\/comments?post=12888"}],"wp:featuredmedia":[{"embeddable":true,"href":"https:\/\/www.denatuurlijkekappershop.nl\/pt\/wp-json\/wp\/v2\/media\/15444"}],"wp:attachment":[{"href":"https:\/\/www.denatuurlijkekappershop.nl\/pt\/wp-json\/wp\/v2\/media?parent=12888"}],"wp:term":[{"taxonomy":"product_brand","embeddable":true,"href":"https:\/\/www.denatuurlijkekappershop.nl\/pt\/wp-json\/wp\/v2\/product_brand?post=12888"},{"taxonomy":"product_cat","embeddable":true,"href":"https:\/\/www.denatuurlijkekappershop.nl\/pt\/wp-json\/wp\/v2\/product_cat?post=12888"},{"taxonomy":"product_tag","embeddable":true,"href":"https:\/\/www.denatuurlijkekappershop.nl\/pt\/wp-json\/wp\/v2\/product_tag?post=12888"}],"curies":[{"name":"wp","href":"https:\/\/api.w.org\/{rel}","templated":true}]}}

<p>O <strong>Gel Anti-Frizz</strong> confere firmeza ao cabelo e ajuda a definir melhor os caracóis. O gel ajuda a reduzir o frizz e contribui para que os caracóis se mantenham bem definidos durante muito tempo, sem deixar o cabelo duro ou pegajoso.</p>
<p>A fórmula contém ingredientes nutritivos, como nenúfar, aloé vera e ácido hialurónico. Esta combinação ajuda a hidratar e a nutrir o cabelo, tornando os caracóis mais macios, elásticos e brilhantes ao toque.</p>
<p>Graças à sua fórmula concentrada, o gel é económico e basta uma pequena quantidade para obter um belo resultado de penteado. O valor de pH entre 4,0 e 4,5 ajuda a respeitar o equilíbrio natural do cabelo e do couro cabeludo.</p>
<p><strong>Principais características:</strong></p>
<ul>
<li>Proporciona uma fixação firme e ajuda a definir os caracóis</li>
<li>Ajuda a manter o cabelo hidratado</li>
<li>Ajuda a reduzir o frizz e reforça a estrutura dos caracóis</li>
<li>Com nenúfar, aloé vera e ácido hialurónico</li>
<li>Confere brilho e uma sensação de elasticidade</li>
<li>Concentrado e económico na utilização</li>
<li>Contribui para o equilíbrio natural do cabelo</li>
<li>pH 4,0 – 4,5</li>
</ul>

<p>O Coeurl Frizz Gel ajuda os caracóis a manterem-se bem penteados durante todo o dia.</p>
