{"id":12885,"date":"2024-08-27T11:12:40","date_gmt":"2024-08-27T09:12:40","guid":{"rendered":"https:\/\/www.denatuurlijkekappershop.nl\/?post_type=product&#038;p=12885"},"modified":"2026-08-28T12:17:16","modified_gmt":"2026-08-28T10:17:16","slug":"mascara-coeurl","status":"publish","type":"product","link":"https:\/\/www.denatuurlijkekappershop.nl\/pt\/coeurl-masker\/","title":{"rendered":"M\u00e1scara Coeurl Curl 250 ml"},"content":{"rendered":"<p>O <strong>M\u00e1scara para Cachos<\/strong> ajuda a cuidar do cabelo e refor\u00e7a a elasticidade do cabelo encaracolado. A f\u00f3rmula rica torna o cabelo mais macio, mais f\u00e1cil de pentear e com um toque cuidado. A m\u00e1scara \u00e9 ideal para utilizar ap\u00f3s o champ\u00f4 Coeurl Texturizing, para um ritual de cuidados completo.<\/p>\n<p>A f\u00f3rmula cont\u00e9m ingredientes nutritivos, tais como <strong>l\u00edrio-d'\u00e1gua, manteiga de karit\u00e9, alo\u00e9 vera, manteiga de manga e sementes de linha\u00e7a<\/strong>. Estes ingredientes ajudam a hidratar e a cuidar do cabelo, al\u00e9m de refor\u00e7arem a elasticidade natural dos carac\u00f3is. O cabelo fica mais macio ao toque e ganha um brilho bonito e uma defini\u00e7\u00e3o dos carac\u00f3is.<\/p>\n<p>Gra\u00e7as \u00e0 sua f\u00f3rmula concentrada, a m\u00e1scara \u00e9 econ\u00f3mica e basta uma pequena quantidade para obter um resultado de tratamento intenso. O valor de pH entre 4,0 e 4,5 ajuda a respeitar o equil\u00edbrio natural do cabelo e do couro cabeludo.<\/p>\n<p><strong>Principais caracter\u00edsticas:<\/strong><\/p>\n<ul>\n<li>Ajuda a cuidar do cabelo encaracolado<\/li>\n<li>Facilita o desembara\u00e7amento e a pentea\u00e7\u00e3o<\/li>\n<li>Ideal em combina\u00e7\u00e3o com o champ\u00f4 texturizante Coeurl<\/li>\n<li>Com nen\u00fafar, manteiga de karit\u00e9, alo\u00e9 vera, manteiga de manga e sementes de linha\u00e7a<\/li>\n<li>F\u00f3rmula hidratante e nutritiva<\/li>\n<li>Promove a defini\u00e7\u00e3o dos carac\u00f3is e a elasticidade<\/li>\n<li>Concentrado e econ\u00f3mico na utiliza\u00e7\u00e3o<\/li>\n<li>Contribui para o equil\u00edbrio natural do cabelo<\/li>\n<li>pH 4,0 \u2013 4,5<\/li>\n<\/ul>","protected":false},"excerpt":{"rendered":"<p>A m\u00e1scara Coeurl Curl Mask deve ser utilizada ap\u00f3s cada lavagem para cuidar intensivamente do cabelo e deixar os carac\u00f3is com um toque el\u00e1stico.<\/p>","protected":false},"featured_media":15438,"comment_status":"open","ping_status":"closed","template":"","meta":{"_acf_changed":false},"product_brand":[596],"product_cat":[429,417,703,198],"product_tag":[],"class_list":["post-12885","product","type-product","status-publish","has-post-thumbnail","product_brand-coeurl","product_cat-coeurl","product_cat-conditioner-en-masker","product_cat-haarmasker-voor-krullen","product_cat-merken","pa_certificering-1-for-the-planet","pa_certificering-100-vegan","pa_geschikt-voor-glans","pa_geschikt-voor-kort-haar","pa_geschikt-voor-krullen","pa_geschikt-voor-lang-haar","pa_geschikt-voor-ontwarren","pa_geschikt-voor-textuur","pa_geschikt-voor-verzorgend-herstellend","pa_geschikt-voor-voedend","pa_inhoud-250ml","pa_merk-rodolphe-co","pa_soort-product-haarverzorging","first","instock","taxable","shipping-taxable","purchasable","product-type-simple"],"composite_virtual":false,"composite_layout":"","composite_add_to_cart_form_location":"","composite_editable_in_cart":false,"composite_sold_individually_context":"","composite_shop_price_calc":"","composite_components":[],"composite_scenarios":[],"exclude_global_add_ons":[],"addons":[],"acf":[],"_links":{"self":[{"href":"https:\/\/www.denatuurlijkekappershop.nl\/pt\/wp-json\/wp\/v2\/product\/12885","targetHints":{"allow":["GET"]}}],"collection":[{"href":"https:\/\/www.denatuurlijkekappershop.nl\/pt\/wp-json\/wp\/v2\/product"}],"about":[{"href":"https:\/\/www.denatuurlijkekappershop.nl\/pt\/wp-json\/wp\/v2\/types\/product"}],"replies":[{"embeddable":true,"href":"https:\/\/www.denatuurlijkekappershop.nl\/pt\/wp-json\/wp\/v2\/comments?post=12885"}],"wp:featuredmedia":[{"embeddable":true,"href":"https:\/\/www.denatuurlijkekappershop.nl\/pt\/wp-json\/wp\/v2\/media\/15438"}],"wp:attachment":[{"href":"https:\/\/www.denatuurlijkekappershop.nl\/pt\/wp-json\/wp\/v2\/media?parent=12885"}],"wp:term":[{"taxonomy":"product_brand","embeddable":true,"href":"https:\/\/www.denatuurlijkekappershop.nl\/pt\/wp-json\/wp\/v2\/product_brand?post=12885"},{"taxonomy":"product_cat","embeddable":true,"href":"https:\/\/www.denatuurlijkekappershop.nl\/pt\/wp-json\/wp\/v2\/product_cat?post=12885"},{"taxonomy":"product_tag","embeddable":true,"href":"https:\/\/www.denatuurlijkekappershop.nl\/pt\/wp-json\/wp\/v2\/product_tag?post=12885"}],"curies":[{"name":"wp","href":"https:\/\/api.w.org\/{rel}","templated":true}]}}

Máscara Coeurl Curl 250 ml

<p>O <strong>Máscara para Cachos</strong> ajuda a cuidar do cabelo e reforça a elasticidade do cabelo encaracolado. A fórmula rica torna o cabelo mais macio, mais fácil de pentear e com um toque cuidado. A máscara é ideal para utilizar após o champô Coeurl Texturizing, para um ritual de cuidados completo.</p>
<p>A fórmula contém ingredientes nutritivos, tais como <strong>lírio-d'água, manteiga de karité, aloé vera, manteiga de manga e sementes de linhaça</strong>. Estes ingredientes ajudam a hidratar e a cuidar do cabelo, além de reforçarem a elasticidade natural dos caracóis. O cabelo fica mais macio ao toque e ganha um brilho bonito e uma definição dos caracóis.</p>
<p>Graças à sua fórmula concentrada, a máscara é económica e basta uma pequena quantidade para obter um resultado de tratamento intenso. O valor de pH entre 4,0 e 4,5 ajuda a respeitar o equilíbrio natural do cabelo e do couro cabeludo.</p>
<p><strong>Principais características:</strong></p>
<ul>
<li>Ajuda a cuidar do cabelo encaracolado</li>
<li>Facilita o desembaraçamento e a penteação</li>
<li>Ideal em combinação com o champô texturizante Coeurl</li>
<li>Com nenúfar, manteiga de karité, aloé vera, manteiga de manga e sementes de linhaça</li>
<li>Fórmula hidratante e nutritiva</li>
<li>Promove a definição dos caracóis e a elasticidade</li>
<li>Concentrado e económico na utilização</li>
<li>Contribui para o equilíbrio natural do cabelo</li>
<li>pH 4,0 – 4,5</li>
</ul>

<p>A máscara Coeurl Curl Mask deve ser utilizada após cada lavagem para cuidar intensivamente do cabelo e deixar os caracóis com um toque elástico.</p>
