{"id":12695,"date":"2024-06-07T17:17:26","date_gmt":"2024-06-07T15:17:26","guid":{"rendered":"https:\/\/denatuurlijkekapper.nl\/?post_type=product&#038;p=12695"},"modified":"2026-07-19T11:59:20","modified_gmt":"2026-07-19T09:59:20","slug":"pente-volumizador-para-caracois-denmann-d17","status":"publish","type":"product","link":"https:\/\/www.denatuurlijkekappershop.nl\/pt\/denmann-d17-curl-volumiser-kam\/","title":{"rendered":"Pente volumizador para carac\u00f3is Denmann D17"},"content":{"rendered":"<p>O <strong>Denman D17 Curl Volumiser<\/strong> \u00c9 um pente especial para dar volume ao cabelo encaracolado, com dentes extra longos. Os dentes chegam at\u00e9 \u00e0 raiz do cabelo e s\u00e3o ideais para dar eleva\u00e7\u00e3o ao cabelo e criar mais volume em cabelos naturalmente encaracolados ou com permanente.<\/p>\n<p>Com os seus 12 dentes lisos, este pente ajuda a modelar os carac\u00f3is de forma elegante e a dar mais estrutura ao penteado. O pente desliza suavemente pelo cabelo e puxa menos os carac\u00f3is, permitindo que o cabelo seja penteado com conforto.<\/p>\n<p>A pega ergon\u00f3mica possui uma superf\u00edcie antiderrapante para uma melhor ader\u00eancia, mesmo quando utilizada em cabelo molhado. Gra\u00e7as a isso, o pente mant\u00e9m-se est\u00e1vel e confort\u00e1vel na m\u00e3o durante a modelagem.<\/p>\n<p>O Denman D17 Curl Volumiser pode ser utilizado tanto em cabelo molhado como seco e \u00e9 ideal para quem pretende criar volume e forma adicionais no cabelo encaracolado.<\/p>\n<p><strong>Principais caracter\u00edsticas:<\/strong><\/p>\n<ul>\n<li>Pente para dar volume, especialmente concebido para cabelos encaracolados e com permanente<\/li>\n<li>Dentes extra longos que chegam at\u00e9 \u00e0 raiz do cabelo<\/li>\n<li>Ajuda a criar eleva\u00e7\u00e3o e volume<\/li>\n<li>12 dentes lisos para um penteado suave<\/li>\n<li>Ideal para dar forma e volume aos carac\u00f3is<\/li>\n<li>Pega ergon\u00f3mica com superf\u00edcie antiderrapante<\/li>\n<li>Adequado para utiliza\u00e7\u00e3o em cabelo molhado e seco<\/li>\n<li>Qualidade profissional da Denman<\/li>\n<\/ul>","protected":false},"excerpt":{"rendered":"<p>O pente destina-se, na verdade, a dar eleva\u00e7\u00e3o e volume ao cabelo encaracolado e n\u00e3o \u00e9 t\u00e3o adequado para desembara\u00e7ar o cabelo.<\/p>","protected":false},"featured_media":15404,"comment_status":"open","ping_status":"closed","template":"","meta":{"_acf_changed":false},"product_brand":[652],"product_cat":[425,653,198],"product_tag":[],"class_list":["post-12695","product","type-product","status-publish","has-post-thumbnail","product_brand-denman","product_cat-accessoires","product_cat-denman","product_cat-merken","pa_geschikt-voor-lees-de-omschrijving","pa_inhoud-1-stuk","pa_merk-denmann","pa_soort-product-accessoires","first","instock","taxable","shipping-taxable","purchasable","product-type-simple"],"composite_virtual":false,"composite_layout":"","composite_add_to_cart_form_location":"","composite_editable_in_cart":false,"composite_sold_individually_context":"","composite_shop_price_calc":"","composite_components":[],"composite_scenarios":[],"exclude_global_add_ons":[],"addons":[],"acf":[],"_links":{"self":[{"href":"https:\/\/www.denatuurlijkekappershop.nl\/pt\/wp-json\/wp\/v2\/product\/12695","targetHints":{"allow":["GET"]}}],"collection":[{"href":"https:\/\/www.denatuurlijkekappershop.nl\/pt\/wp-json\/wp\/v2\/product"}],"about":[{"href":"https:\/\/www.denatuurlijkekappershop.nl\/pt\/wp-json\/wp\/v2\/types\/product"}],"replies":[{"embeddable":true,"href":"https:\/\/www.denatuurlijkekappershop.nl\/pt\/wp-json\/wp\/v2\/comments?post=12695"}],"wp:featuredmedia":[{"embeddable":true,"href":"https:\/\/www.denatuurlijkekappershop.nl\/pt\/wp-json\/wp\/v2\/media\/15404"}],"wp:attachment":[{"href":"https:\/\/www.denatuurlijkekappershop.nl\/pt\/wp-json\/wp\/v2\/media?parent=12695"}],"wp:term":[{"taxonomy":"product_brand","embeddable":true,"href":"https:\/\/www.denatuurlijkekappershop.nl\/pt\/wp-json\/wp\/v2\/product_brand?post=12695"},{"taxonomy":"product_cat","embeddable":true,"href":"https:\/\/www.denatuurlijkekappershop.nl\/pt\/wp-json\/wp\/v2\/product_cat?post=12695"},{"taxonomy":"product_tag","embeddable":true,"href":"https:\/\/www.denatuurlijkekappershop.nl\/pt\/wp-json\/wp\/v2\/product_tag?post=12695"}],"curies":[{"name":"wp","href":"https:\/\/api.w.org\/{rel}","templated":true}]}}

Pente volumizador para caracóis Denmann D17

<p>O <strong>Denman D17 Curl Volumiser</strong> É um pente especial para dar volume ao cabelo encaracolado, com dentes extra longos. Os dentes chegam até à raiz do cabelo e são ideais para dar elevação ao cabelo e criar mais volume em cabelos naturalmente encaracolados ou com permanente.</p>
<p>Com os seus 12 dentes lisos, este pente ajuda a modelar os caracóis de forma elegante e a dar mais estrutura ao penteado. O pente desliza suavemente pelo cabelo e puxa menos os caracóis, permitindo que o cabelo seja penteado com conforto.</p>
<p>A pega ergonómica possui uma superfície antiderrapante para uma melhor aderência, mesmo quando utilizada em cabelo molhado. Graças a isso, o pente mantém-se estável e confortável na mão durante a modelagem.</p>
<p>O Denman D17 Curl Volumiser pode ser utilizado tanto em cabelo molhado como seco e é ideal para quem pretende criar volume e forma adicionais no cabelo encaracolado.</p>
<p><strong>Principais características:</strong></p>
<ul>
<li>Pente para dar volume, especialmente concebido para cabelos encaracolados e com permanente</li>
<li>Dentes extra longos que chegam até à raiz do cabelo</li>
<li>Ajuda a criar elevação e volume</li>
<li>12 dentes lisos para um penteado suave</li>
<li>Ideal para dar forma e volume aos caracóis</li>
<li>Pega ergonómica com superfície antiderrapante</li>
<li>Adequado para utilização em cabelo molhado e seco</li>
<li>Qualidade profissional da Denman</li>
</ul>

<p>O pente destina-se, na verdade, a dar elevação e volume ao cabelo encaracolado e não é tão adequado para desembaraçar o cabelo.</p>
