{"id":10883,"date":"2021-05-10T11:33:31","date_gmt":"2021-05-10T09:33:31","guid":{"rendered":"https:\/\/denatuurlijkekapper.nl\/?post_type=product&#038;p=10883"},"modified":"2026-07-06T10:50:38","modified_gmt":"2026-07-06T08:50:38","slug":"terre-de-couleur-rythme-blue-mascara-320-g","status":"publish","type":"product","link":"https:\/\/www.denatuurlijkekappershop.nl\/pt\/terre-de-couleur-rythme-blue-masker-320gr\/","title":{"rendered":"M\u00e1scara Terre de Couleur Rythme Blue, 320 g"},"content":{"rendered":"<h2>Terre de Couleur Rythme Blue M\u00e1scara 320 g<\/h2>\n<p>O <strong>M\u00e1scara Terre de Couleur Rythme Blue<\/strong> \u00e9 uma m\u00e1scara capilar de tratamento intensivo, especialmente concebida para cabelos que necessitam de um cuidado extra, por exemplo, ap\u00f3s tratamentos qu\u00edmicos como colora\u00e7\u00e3o, descolora\u00e7\u00e3o ou madeixas.<\/p>\n<p>A f\u00f3rmula cont\u00e9m v\u00e1rios tipos de argila natural, como o caulim e a montmorilonite. Estas argilas s\u00e3o conhecidas pelas suas propriedades purificantes e ajudam a eliminar as impurezas em excesso do cabelo e do couro cabeludo, sem ressecar o cabelo.<\/p>\n<p>Os \u00f3leos vegetais, como o \u00f3leo de jojoba e o \u00f3leo de am\u00eandoa doce, contribuem para um efeito nutritivo e suavizante. Ajudam a manter o cabelo macio e brilhante e refor\u00e7am a estrutura natural do cabelo.<\/p>\n<p>Al\u00e9m disso, a m\u00e1scara cont\u00e9m sais minerais, como c\u00e1lcio, magn\u00e9sio e pot\u00e1ssio. Estes minerais contribuem para o cuidado do cabelo e do couro cabeludo e ajudam a deixar o cabelo com um toque mais forte e vital.<\/p>\n<p>Os \u00f3leos essenciais de lavanda e bagas de zimbro conferem \u00e0 m\u00e1scara um aroma fresco e natural e tornam o tratamento de beleza ainda mais agrad\u00e1vel.<\/p>\n<p><strong>Principais caracter\u00edsticas:<\/strong><\/p>\n<ul>\n<li>M\u00e1scara capilar de tratamento intensivo<\/li>\n<li>Com argilas naturais e sais minerais<\/li>\n<li>Ajuda a nutrir e a fortalecer o cabelo<\/li>\n<li>Adequado para cabelos que necessitam de cuidados adicionais<\/li>\n<li>Promove o brilho e a vitalidade<\/li>\n<li>Sem parabenos, sulfatos nem silicones<\/li>\n<li>Vegan e sem testes em animais<\/li>\n<li>Conte\u00fado: 320 gramas<\/li>\n<\/ul>","protected":false},"excerpt":{"rendered":"<p><strong>Terre de Couleur Rythme Blue M\u00e1scara 320 g<\/strong> \u00c9 uma m\u00e1scara capilar nutritiva \u00e0 base de argila que ajuda a nutrir e fortalecer o cabelo danificado e enfraquecido. A f\u00f3rmula, com argilas naturais, \u00f3leos vegetais e sais minerais, contribui para um aspeto saud\u00e1vel do cabelo.<\/p>","protected":false},"featured_media":15465,"comment_status":"open","ping_status":"closed","template":"","meta":{"_acf_changed":false},"product_brand":[610],"product_cat":[415,418,198,372],"product_tag":[],"class_list":["post-10883","product","type-product","status-publish","has-post-thumbnail","product_brand-terre-de-couleur","product_cat-haarverzorging","product_cat-detox","product_cat-merken","product_cat-terre-de-couleur","pa_certificering-100-natuurlijk","pa_certificering-100-vegan","pa_certificering-dierproefvrij","pa_geschikt-voor-futloos-en-slap-haar","pa_geschikt-voor-geirriteerde-hoofdhuid","pa_geschikt-voor-gekleurd-haar","pa_geschikt-voor-verzorgend-herstellend","pa_geschikt-voor-vet-haar-hoofdhuid","pa_inhoud-320ml","pa_merk-terre-de-couleur","pa_soort-product-haar-huid-herstel","pa_soort-product-haarverzorging","first","instock","taxable","shipping-taxable","purchasable","product-type-simple"],"composite_virtual":false,"composite_layout":"","composite_add_to_cart_form_location":"","composite_editable_in_cart":false,"composite_sold_individually_context":"","composite_shop_price_calc":"","composite_components":[],"composite_scenarios":[],"exclude_global_add_ons":[],"addons":[],"acf":[],"_links":{"self":[{"href":"https:\/\/www.denatuurlijkekappershop.nl\/pt\/wp-json\/wp\/v2\/product\/10883","targetHints":{"allow":["GET"]}}],"collection":[{"href":"https:\/\/www.denatuurlijkekappershop.nl\/pt\/wp-json\/wp\/v2\/product"}],"about":[{"href":"https:\/\/www.denatuurlijkekappershop.nl\/pt\/wp-json\/wp\/v2\/types\/product"}],"replies":[{"embeddable":true,"href":"https:\/\/www.denatuurlijkekappershop.nl\/pt\/wp-json\/wp\/v2\/comments?post=10883"}],"wp:featuredmedia":[{"embeddable":true,"href":"https:\/\/www.denatuurlijkekappershop.nl\/pt\/wp-json\/wp\/v2\/media\/15465"}],"wp:attachment":[{"href":"https:\/\/www.denatuurlijkekappershop.nl\/pt\/wp-json\/wp\/v2\/media?parent=10883"}],"wp:term":[{"taxonomy":"product_brand","embeddable":true,"href":"https:\/\/www.denatuurlijkekappershop.nl\/pt\/wp-json\/wp\/v2\/product_brand?post=10883"},{"taxonomy":"product_cat","embeddable":true,"href":"https:\/\/www.denatuurlijkekappershop.nl\/pt\/wp-json\/wp\/v2\/product_cat?post=10883"},{"taxonomy":"product_tag","embeddable":true,"href":"https:\/\/www.denatuurlijkekappershop.nl\/pt\/wp-json\/wp\/v2\/product_tag?post=10883"}],"curies":[{"name":"wp","href":"https:\/\/api.w.org\/{rel}","templated":true}]}}

Máscara Terre de Couleur Rythme Blue, 320 g

<h2>Terre de Couleur Rythme Blue Máscara 320 g</h2>
<p>O <strong>Máscara Terre de Couleur Rythme Blue</strong> é uma máscara capilar de tratamento intensivo, especialmente concebida para cabelos que necessitam de um cuidado extra, por exemplo, após tratamentos químicos como coloração, descoloração ou madeixas.</p>
<p>A fórmula contém vários tipos de argila natural, como o caulim e a montmorilonite. Estas argilas são conhecidas pelas suas propriedades purificantes e ajudam a eliminar as impurezas em excesso do cabelo e do couro cabeludo, sem ressecar o cabelo.</p>
<p>Os óleos vegetais, como o óleo de jojoba e o óleo de amêndoa doce, contribuem para um efeito nutritivo e suavizante. Ajudam a manter o cabelo macio e brilhante e reforçam a estrutura natural do cabelo.</p>
<p>Além disso, a máscara contém sais minerais, como cálcio, magnésio e potássio. Estes minerais contribuem para o cuidado do cabelo e do couro cabeludo e ajudam a deixar o cabelo com um toque mais forte e vital.</p>
<p>Os óleos essenciais de lavanda e bagas de zimbro conferem à máscara um aroma fresco e natural e tornam o tratamento de beleza ainda mais agradável.</p>
<p><strong>Principais características:</strong></p>
<ul>
<li>Máscara capilar de tratamento intensivo</li>
<li>Com argilas naturais e sais minerais</li>
<li>Ajuda a nutrir e a fortalecer o cabelo</li>
<li>Adequado para cabelos que necessitam de cuidados adicionais</li>
<li>Promove o brilho e a vitalidade</li>
<li>Sem parabenos, sulfatos nem silicones</li>
<li>Vegan e sem testes em animais</li>
<li>Conteúdo: 320 gramas</li>
</ul>

<p><strong>Terre de Couleur Rythme Blue Máscara 320 g</strong> É uma máscara capilar nutritiva à base de argila que ajuda a nutrir e fortalecer o cabelo danificado e enfraquecido. A fórmula, com argilas naturais, óleos vegetais e sais minerais, contribui para um aspeto saudável do cabelo.</p>
