{"id":11078,"date":"2022-03-17T17:29:06","date_gmt":"2022-03-17T16:29:06","guid":{"rendered":"https:\/\/denatuurlijkekapper.nl\/?post_type=product&#038;p=11078"},"modified":"2026-08-28T12:17:22","modified_gmt":"2026-08-28T10:17:22","slug":"balsamo-odylique-idratante-alla-lavanda-e-olivello-spinoso-200-ml","status":"publish","type":"product","link":"https:\/\/www.denatuurlijkekappershop.nl\/it\/odylique-conditioner-moisturing-lavender-duindoorn-200ml\/","title":{"rendered":"Balsamo Odylique \u2013 idratante \u2013 lavanda e olivello spinoso 200 ml"},"content":{"rendered":"<h2>Balsamo Odylique \u2013 Idratante alla lavanda e all\u2019olivello spinoso 200 ml<\/h2>\n<p><strong>Balsamo idratante Odylique alla lavanda e all'olivello spinoso<\/strong> \u00c8 un balsamo leggero e biologico che nutre i capelli e li rende morbidi e facili da pettinare. La formula \u00e8 indicata per capelli secchi, danneggiati o colorati e pu\u00f2 essere piacevole anche per il cuoio capelluto secco o sensibile.<\/p>\n<p>Questo balsamo multifunzionale pu\u00f2 essere utilizzato in diversi modi: come balsamo quotidiano, come districante o come trattamento intensivo per i capelli. La sua formula nutriente, a base di oli vegetali ed estratti, aiuta a rendere i capelli morbidi e lisci al tatto senza appesantirli.<\/p>\n<p>Il balsamo contiene, tra gli altri, aloe vera biologica, olio di avocado, olio di cocco, esteri di karit\u00e9 ed estratto di erba delle dune. Questi ingredienti sono noti per le loro propriet\u00e0 nutrienti e idratanti. L'aggiunta di lavanda biologica conferisce una fragranza fresca e naturale.<\/p>\n<p>La formula \u00e8 completamente naturale e priva di siliconi e composti di ammonio quaternario (quats). Il balsamo contiene invece, tra l\u2019altro, aminoacidi vegetali e un estratto prebiotico di cicoria. Questi ingredienti contribuiscono a mantenere l\u2019equilibrio naturale dei capelli e del cuoio capelluto.<\/p>\n<h3>Caratteristiche principali<\/h3>\n<ul>\n<li>Balsamo idratante leggero<\/li>\n<li>Aiuta a rendere i capelli morbidi e facili da pettinare<\/li>\n<li>Adatto a capelli secchi, danneggiati o colorati<\/li>\n<li>Pu\u00f2 essere utilizzato anche come maschera per capelli o balsamo tra un lavaggio e l'altro<\/li>\n<li>Con aloe vera, olio di avocado, olio di cocco e olivello spinoso<\/li>\n<li>Profumo naturale di lavanda biologica<\/li>\n<li>Senza siliconi e quaternari<\/li>\n<li>Certificato biologico<\/li>\n<li>Adatto al cuoio capelluto sensibile<\/li>\n<\/ul>","protected":false},"excerpt":{"rendered":"<p>Balsamo biologico multifunzionale e leggero che ripara, rinforza e districa i capelli secchi, danneggiati o colorati, idrata il cuoio capelluto secco e pu\u00f2 essere utilizzato anche come balsamo detergente tra un lavaggio e l'altro o come maschera per capelli!<\/p>","protected":false},"featured_media":15971,"comment_status":"open","ping_status":"closed","template":"","meta":{"_acf_changed":false},"product_brand":[606],"product_cat":[415,417,716,703,198,389],"product_tag":[],"class_list":["post-11078","product","type-product","status-publish","has-post-thumbnail","product_brand-odylique","product_cat-haarverzorging","product_cat-conditioner-en-masker","product_cat-haar-dat-verandert","product_cat-haarmasker-voor-krullen","product_cat-merken","product_cat-odylique","pa_certificering-100-recyclebare-verpakking","pa_certificering-100-vegan","pa_certificering-cruelty-free","pa_certificering-soil-association-certified-cosmos-organic","pa_geschikt-voor-beschadigd-haar","pa_geschikt-voor-droog-haar","pa_geschikt-voor-fijn-dun-haar","pa_geschikt-voor-gevoelige-hoofdhuid","pa_geschikt-voor-krullen","pa_geschikt-voor-normaal-haar","pa_inhoud-200ml","pa_merk-odylique","pa_soort-product-haarverzorging","first","instock","taxable","shipping-taxable","purchasable","product-type-simple"],"composite_virtual":false,"composite_layout":"","composite_add_to_cart_form_location":"","composite_editable_in_cart":false,"composite_sold_individually_context":"","composite_shop_price_calc":"","composite_components":[],"composite_scenarios":[],"exclude_global_add_ons":[],"addons":[],"acf":[],"_links":{"self":[{"href":"https:\/\/www.denatuurlijkekappershop.nl\/it\/wp-json\/wp\/v2\/product\/11078","targetHints":{"allow":["GET"]}}],"collection":[{"href":"https:\/\/www.denatuurlijkekappershop.nl\/it\/wp-json\/wp\/v2\/product"}],"about":[{"href":"https:\/\/www.denatuurlijkekappershop.nl\/it\/wp-json\/wp\/v2\/types\/product"}],"replies":[{"embeddable":true,"href":"https:\/\/www.denatuurlijkekappershop.nl\/it\/wp-json\/wp\/v2\/comments?post=11078"}],"wp:featuredmedia":[{"embeddable":true,"href":"https:\/\/www.denatuurlijkekappershop.nl\/it\/wp-json\/wp\/v2\/media\/15971"}],"wp:attachment":[{"href":"https:\/\/www.denatuurlijkekappershop.nl\/it\/wp-json\/wp\/v2\/media?parent=11078"}],"wp:term":[{"taxonomy":"product_brand","embeddable":true,"href":"https:\/\/www.denatuurlijkekappershop.nl\/it\/wp-json\/wp\/v2\/product_brand?post=11078"},{"taxonomy":"product_cat","embeddable":true,"href":"https:\/\/www.denatuurlijkekappershop.nl\/it\/wp-json\/wp\/v2\/product_cat?post=11078"},{"taxonomy":"product_tag","embeddable":true,"href":"https:\/\/www.denatuurlijkekappershop.nl\/it\/wp-json\/wp\/v2\/product_tag?post=11078"}],"curies":[{"name":"wp","href":"https:\/\/api.w.org\/{rel}","templated":true}]}}

<h2>Balsamo Odylique – Idratante alla lavanda e all’olivello spinoso 200 ml</h2>
<p><strong>Balsamo idratante Odylique alla lavanda e all'olivello spinoso</strong> È un balsamo leggero e biologico che nutre i capelli e li rende morbidi e facili da pettinare. La formula è indicata per capelli secchi, danneggiati o colorati e può essere piacevole anche per il cuoio capelluto secco o sensibile.</p>
<p>Questo balsamo multifunzionale può essere utilizzato in diversi modi: come balsamo quotidiano, come districante o come trattamento intensivo per i capelli. La sua formula nutriente, a base di oli vegetali ed estratti, aiuta a rendere i capelli morbidi e lisci al tatto senza appesantirli.</p>
<p>Il balsamo contiene, tra gli altri, aloe vera biologica, olio di avocado, olio di cocco, esteri di karité ed estratto di erba delle dune. Questi ingredienti sono noti per le loro proprietà nutrienti e idratanti. L'aggiunta di lavanda biologica conferisce una fragranza fresca e naturale.</p>
<p>La formula è completamente naturale e priva di siliconi e composti di ammonio quaternario (quats). Il balsamo contiene invece, tra l’altro, aminoacidi vegetali e un estratto prebiotico di cicoria. Questi ingredienti contribuiscono a mantenere l’equilibrio naturale dei capelli e del cuoio capelluto.</p>
<h3>Caratteristiche principali</h3>
<ul>
<li>Balsamo idratante leggero</li>
<li>Aiuta a rendere i capelli morbidi e facili da pettinare</li>
<li>Adatto a capelli secchi, danneggiati o colorati</li>
<li>Può essere utilizzato anche come maschera per capelli o balsamo tra un lavaggio e l'altro</li>
<li>Con aloe vera, olio di avocado, olio di cocco e olivello spinoso</li>
<li>Profumo naturale di lavanda biologica</li>
<li>Senza siliconi e quaternari</li>
<li>Certificato biologico</li>
<li>Adatto al cuoio capelluto sensibile</li>
</ul>

<p>Balsamo biologico multifunzionale e leggero che ripara, rinforza e districa i capelli secchi, danneggiati o colorati, idrata il cuoio capelluto secco e può essere utilizzato anche come balsamo detergente tra un lavaggio e l'altro o come maschera per capelli!</p>
