{"id":16179,"date":"2026-06-22T14:51:51","date_gmt":"2026-06-22T12:51:51","guid":{"rendered":"https:\/\/www.denatuurlijkekappershop.nl\/?post_type=product&#038;p=16179"},"modified":"2026-08-28T12:17:19","modified_gmt":"2026-08-28T10:17:19","slug":"apres-shampoing-apaisant-a-largan-conscio","status":"publish","type":"product","link":"https:\/\/www.denatuurlijkekappershop.nl\/fr_fr\/conscio-verzachtende-argan-conditioner\/","title":{"rendered":"CONSCIO Apr\u00e8s-shampoing adoucissant \u00e0 l'argan"},"content":{"rendered":"<p>L'apr\u00e8s-shampoing adoucissant \u00e0 l'argan CONSCIO a \u00e9t\u00e9 con\u00e7u pour les cheveux ternes, cassants et cr\u00e9pus qui ont besoin d'un suppl\u00e9ment de nutrition, de douceur et de brillance. Sa formule intens\u00e9ment nourrissante aide \u00e0 lisser la structure capillaire au toucher et rend les cheveux plus faciles \u00e0 d\u00e9m\u00ealer et plus faciles \u00e0 coiffer.<\/p>\n<p>L'huile d'argan biologique press\u00e9e \u00e0 froid nourrit les longueurs s\u00e8ches et fragiles et aide \u00e0 r\u00e9duire les frisottis. L'huile de mangue, la glyc\u00e9rine et la b\u00e9ta\u00efne favorisent l'\u00e9quilibre hydrique et contribuent \u00e0 rendre les cheveux doux et souples. Apr\u00e8s utilisation, les cheveux sont plus lisses au toucher, retrouvent un \u00e9clat naturel et sont plus faciles \u00e0 coiffer.<\/p>\n<p>Cet apr\u00e8s-shampoing convient particuli\u00e8rement bien aux cheveux ondul\u00e9s, cr\u00e9pus, secs ou ternes. L'huile naturelle de fleur d'oranger conf\u00e8re au produit un parfum subtil et floral. La formule est 100% naturelle, vegan et fabriqu\u00e9e en Belgique. Le flacon pompe en aluminium contient 250 ml.<\/p>","protected":false},"excerpt":{"rendered":"<p>Apr\u00e8s-shampoing naturel \u00e0 base d'huile d'argan bio press\u00e9e \u00e0 froid et d'huile de mangue nourrissante, pour les cheveux ternes, cassants et cr\u00e9pus. Il nourrit les cheveux en profondeur, facilite le d\u00e9m\u00ealage et rend les m\u00e8ches douces, souples et brillantes. Avec un parfum subtil de fleur d'oranger.<br \/>\n<strong>Disponible en flacon de 250 ml et en recharge \u00e9cologique de 500 ml.<\/strong><\/p>","protected":false},"featured_media":16180,"comment_status":"closed","ping_status":"closed","template":"","meta":{"_acf_changed":false},"product_brand":[693],"product_cat":[694,417],"product_tag":[],"class_list":["post-16179","product","type-product","status-publish","has-post-thumbnail","product_brand-conscio","product_cat-conscio","product_cat-conditioner-en-masker","pa_certificering-100-recyclebare-verpakking","pa_certificering-100-vegan","pa_geschikt-voor-beschadigd-haar","pa_geschikt-voor-breekbaar-haar","pa_geschikt-voor-dik-haar","pa_geschikt-voor-dof-haar","pa_geschikt-voor-droog-haar","pa_geschikt-voor-gespleten-haarpunten","pa_geschikt-voor-golvend-haar","pa_geschikt-voor-krullen","pa_geschikt-voor-pluizig-haar","pa_geschikt-voor-stug-haar","pa_inhoud-250ml","pa_inhoud-500ml","pa_merk-conscio","pa_soort-product-haar-huid-herstel","pa_soort-product-haarverzorging","first","instock","taxable","shipping-taxable","purchasable","product-type-variable"],"composite_virtual":false,"composite_layout":"","composite_add_to_cart_form_location":"","composite_editable_in_cart":false,"composite_sold_individually_context":"","composite_shop_price_calc":"","composite_components":[],"composite_scenarios":[],"exclude_global_add_ons":[],"addons":[],"acf":[],"_links":{"self":[{"href":"https:\/\/www.denatuurlijkekappershop.nl\/fr_fr\/wp-json\/wp\/v2\/product\/16179","targetHints":{"allow":["GET"]}}],"collection":[{"href":"https:\/\/www.denatuurlijkekappershop.nl\/fr_fr\/wp-json\/wp\/v2\/product"}],"about":[{"href":"https:\/\/www.denatuurlijkekappershop.nl\/fr_fr\/wp-json\/wp\/v2\/types\/product"}],"replies":[{"embeddable":true,"href":"https:\/\/www.denatuurlijkekappershop.nl\/fr_fr\/wp-json\/wp\/v2\/comments?post=16179"}],"wp:featuredmedia":[{"embeddable":true,"href":"https:\/\/www.denatuurlijkekappershop.nl\/fr_fr\/wp-json\/wp\/v2\/media\/16180"}],"wp:attachment":[{"href":"https:\/\/www.denatuurlijkekappershop.nl\/fr_fr\/wp-json\/wp\/v2\/media?parent=16179"}],"wp:term":[{"taxonomy":"product_brand","embeddable":true,"href":"https:\/\/www.denatuurlijkekappershop.nl\/fr_fr\/wp-json\/wp\/v2\/product_brand?post=16179"},{"taxonomy":"product_cat","embeddable":true,"href":"https:\/\/www.denatuurlijkekappershop.nl\/fr_fr\/wp-json\/wp\/v2\/product_cat?post=16179"},{"taxonomy":"product_tag","embeddable":true,"href":"https:\/\/www.denatuurlijkekappershop.nl\/fr_fr\/wp-json\/wp\/v2\/product_tag?post=16179"}],"curies":[{"name":"wp","href":"https:\/\/api.w.org\/{rel}","templated":true}]}}

CONSCIO Après-shampoing adoucissant à l'argan

<p>L'après-shampoing adoucissant à l'argan CONSCIO a été conçu pour les cheveux ternes, cassants et crépus qui ont besoin d'un supplément de nutrition, de douceur et de brillance. Sa formule intensément nourrissante aide à lisser la structure capillaire au toucher et rend les cheveux plus faciles à démêler et plus faciles à coiffer.</p>
<p>L'huile d'argan biologique pressée à froid nourrit les longueurs sèches et fragiles et aide à réduire les frisottis. L'huile de mangue, la glycérine et la bétaïne favorisent l'équilibre hydrique et contribuent à rendre les cheveux doux et souples. Après utilisation, les cheveux sont plus lisses au toucher, retrouvent un éclat naturel et sont plus faciles à coiffer.</p>
<p>Cet après-shampoing convient particulièrement bien aux cheveux ondulés, crépus, secs ou ternes. L'huile naturelle de fleur d'oranger confère au produit un parfum subtil et floral. La formule est 100% naturelle, vegan et fabriquée en Belgique. Le flacon pompe en aluminium contient 250 ml.</p>

<p>Après-shampoing naturel à base d'huile d'argan bio pressée à froid et d'huile de mangue nourrissante, pour les cheveux ternes, cassants et crépus. Il nourrit les cheveux en profondeur, facilite le démêlage et rend les mèches douces, souples et brillantes. Avec un parfum subtil de fleur d'oranger.<br />
<strong>Disponible en flacon de 250 ml et en recharge écologique de 500 ml.</strong></p>
