{"id":10868,"date":"2021-05-10T11:33:38","date_gmt":"2021-05-10T09:33:38","guid":{"rendered":"https:\/\/denatuurlijkekapper.nl\/?post_type=product&#038;p=10868"},"modified":"2026-07-10T20:22:02","modified_gmt":"2026-07-10T18:22:02","slug":"gel-douche-probiotique-a-la-cannelle-mas-newen-250-ml","status":"publish","type":"product","link":"https:\/\/www.denatuurlijkekappershop.nl\/fr_fr\/mas-newen-probiotic-cinnamon-bodywash-250ml\/","title":{"rendered":"Gel douche probiotique \u00e0 la cannelle Mas Newen, 250 ml"},"content":{"rendered":"<h2>Gel douche probiotique \u00e0 la cannelle Mas Newen, 250 ml<\/h2>\n<p>Le <strong>Gel douche probiotique \u00e0 la cannelle Mas Newen<\/strong> C'est un gel douche v\u00e9g\u00e9tal \u00e0 base d'ingr\u00e9dients ferment\u00e9s. Le processus de fermentation renforce les propri\u00e9t\u00e9s des ingr\u00e9dients naturels et permet d'obtenir un nettoyant doux qui laisse la peau fra\u00eeche et soign\u00e9e.<\/p>\n<p>La formule contient un m\u00e9lange d'extraits naturels tels que la noix de savon, le combava, la pomme de rose, la feuille de laurier, l'ananas et le son de riz. Ces ingr\u00e9dients sont r\u00e9put\u00e9s pour leurs propri\u00e9t\u00e9s nettoyantes et nourrissantes et assurent un nettoyage en douceur, sans substances agressives.<\/p>\n<p>L'un de ses principaux composants est l'extrait de noix de savon r\u00e9colt\u00e9e \u00e0 l'\u00e9tat sauvage. Cet ingr\u00e9dient naturel contient des saponines, qui ont naturellement un effet moussant doux et nettoient la peau sans la dess\u00e9cher.<\/p>\n<p>Ce gel douche est fabriqu\u00e9 sans additifs synth\u00e9tiques et ne contient ni sulfates, ni parab\u00e8nes, ni parfums artificiels. Le flacon est fabriqu\u00e9 \u00e0 partir de plastique recyclable 100%.<\/p>\n<p><strong>Caract\u00e9ristiques principales :<\/strong><\/p>\n<ul>\n<li>Gel douche doux \u00e0 base d'extraits v\u00e9g\u00e9taux<\/li>\n<li>\u00c0 base d'ingr\u00e9dients ferment\u00e9s<\/li>\n<li>Nettoie la peau en douceur<\/li>\n<li>Sans SLS, sans parab\u00e8nes et sans parfums synth\u00e9tiques<\/li>\n<li>Formule \u00e0 base de plantes<\/li>\n<li>Bouteille en plastique recyclable<\/li>\n<li>Convient \u00e0 un usage quotidien<\/li>\n<\/ul>","protected":false},"excerpt":{"rendered":"<p><strong>Gel douche probiotique \u00e0 la cannelle Mas Newen, 250 ml<\/strong> C'est un gel douche naturel \u00e0 base de plantes contenant des ingr\u00e9dients ferment\u00e9s. Sa formule nettoie la peau en douceur et lui procure une sensation de fra\u00eecheur, de douceur et de bien-\u00eatre.<\/p>","protected":false},"featured_media":15455,"comment_status":"closed","ping_status":"closed","template":"","meta":{"_acf_changed":false},"product_brand":[609],"product_cat":[198,424,370],"product_tag":[],"class_list":["post-10868","product","type-product","status-publish","has-post-thumbnail","product_brand-mas-newen","product_cat-merken","product_cat-lichaam","product_cat-mas-newen","pa_certificering-100-natuurlijk","pa_certificering-100-recyclebare-verpakking","pa_certificering-100-vegan","pa_certificering-biologisch","pa_certificering-dierproefvrij","pa_geschikt-voor-alle-huidtypes","pa_geschikt-voor-droge-huid","pa_geschikt-voor-gevoelige-huid","pa_geschikt-voor-huid-met-onzuiverheden","pa_inhoud-250ml","pa_merk-mas-newen","pa_soort-product-gezicht-lichaam","first","instock","taxable","shipping-taxable","purchasable","product-type-simple"],"composite_virtual":false,"composite_layout":"","composite_add_to_cart_form_location":"","composite_editable_in_cart":false,"composite_sold_individually_context":"","composite_shop_price_calc":"","composite_components":[],"composite_scenarios":[],"exclude_global_add_ons":[],"addons":[],"acf":[],"_links":{"self":[{"href":"https:\/\/www.denatuurlijkekappershop.nl\/fr_fr\/wp-json\/wp\/v2\/product\/10868","targetHints":{"allow":["GET"]}}],"collection":[{"href":"https:\/\/www.denatuurlijkekappershop.nl\/fr_fr\/wp-json\/wp\/v2\/product"}],"about":[{"href":"https:\/\/www.denatuurlijkekappershop.nl\/fr_fr\/wp-json\/wp\/v2\/types\/product"}],"replies":[{"embeddable":true,"href":"https:\/\/www.denatuurlijkekappershop.nl\/fr_fr\/wp-json\/wp\/v2\/comments?post=10868"}],"wp:featuredmedia":[{"embeddable":true,"href":"https:\/\/www.denatuurlijkekappershop.nl\/fr_fr\/wp-json\/wp\/v2\/media\/15455"}],"wp:attachment":[{"href":"https:\/\/www.denatuurlijkekappershop.nl\/fr_fr\/wp-json\/wp\/v2\/media?parent=10868"}],"wp:term":[{"taxonomy":"product_brand","embeddable":true,"href":"https:\/\/www.denatuurlijkekappershop.nl\/fr_fr\/wp-json\/wp\/v2\/product_brand?post=10868"},{"taxonomy":"product_cat","embeddable":true,"href":"https:\/\/www.denatuurlijkekappershop.nl\/fr_fr\/wp-json\/wp\/v2\/product_cat?post=10868"},{"taxonomy":"product_tag","embeddable":true,"href":"https:\/\/www.denatuurlijkekappershop.nl\/fr_fr\/wp-json\/wp\/v2\/product_tag?post=10868"}],"curies":[{"name":"wp","href":"https:\/\/api.w.org\/{rel}","templated":true}]}}

Gel douche probiotique à la cannelle Mas Newen, 250 ml

<h2>Gel douche probiotique à la cannelle Mas Newen, 250 ml</h2>
<p>Le <strong>Gel douche probiotique à la cannelle Mas Newen</strong> C'est un gel douche végétal à base d'ingrédients fermentés. Le processus de fermentation renforce les propriétés des ingrédients naturels et permet d'obtenir un nettoyant doux qui laisse la peau fraîche et soignée.</p>
<p>La formule contient un mélange d'extraits naturels tels que la noix de savon, le combava, la pomme de rose, la feuille de laurier, l'ananas et le son de riz. Ces ingrédients sont réputés pour leurs propriétés nettoyantes et nourrissantes et assurent un nettoyage en douceur, sans substances agressives.</p>
<p>L'un de ses principaux composants est l'extrait de noix de savon récoltée à l'état sauvage. Cet ingrédient naturel contient des saponines, qui ont naturellement un effet moussant doux et nettoient la peau sans la dessécher.</p>
<p>Ce gel douche est fabriqué sans additifs synthétiques et ne contient ni sulfates, ni parabènes, ni parfums artificiels. Le flacon est fabriqué à partir de plastique recyclable 100%.</p>
<p><strong>Caractéristiques principales :</strong></p>
<ul>
<li>Gel douche doux à base d'extraits végétaux</li>
<li>À base d'ingrédients fermentés</li>
<li>Nettoie la peau en douceur</li>
<li>Sans SLS, sans parabènes et sans parfums synthétiques</li>
<li>Formule à base de plantes</li>
<li>Bouteille en plastique recyclable</li>
<li>Convient à un usage quotidien</li>
</ul>

<p><strong>Gel douche probiotique à la cannelle Mas Newen, 250 ml</strong> C'est un gel douche naturel à base de plantes contenant des ingrédients fermentés. Sa formule nettoie la peau en douceur et lui procure une sensation de fraîcheur, de douceur et de bien-être.</p>
