{"id":12695,"date":"2024-06-07T17:17:26","date_gmt":"2024-06-07T15:17:26","guid":{"rendered":"https:\/\/denatuurlijkekapper.nl\/?post_type=product&#038;p=12695"},"modified":"2026-07-19T11:59:20","modified_gmt":"2026-07-19T09:59:20","slug":"peigne-volumateur-denmann-d17-curl","status":"publish","type":"product","link":"https:\/\/www.denatuurlijkekappershop.nl\/fr\/denmann-d17-curl-volumiser-kam\/","title":{"rendered":"Peigne volumateur de boucles Denmann D17"},"content":{"rendered":"<p>Le <strong>Denman D17 Curl Volumiser<\/strong> est un peigne volumateur sp\u00e9cial pour cheveux boucl\u00e9s, dot\u00e9 de dents extra-longues. Les dents atteignent la racine des cheveux et sont id\u00e9ales pour soulever et cr\u00e9er plus de volume dans les cheveux naturellement boucl\u00e9s ou permanent\u00e9s.<\/p>\n<p>Avec ses 12 dents lisses, ce peigne permet de former les boucles proprement et de donner plus de structure \u00e0 la coiffure. Le peigne glisse en douceur dans les cheveux et tire moins sur les boucles, ce qui permet un coiffage confortable.<\/p>\n<p>Le manche ergonomique est dot\u00e9 d'une texture antid\u00e9rapante pour une meilleure prise en main, m\u00eame sur cheveux mouill\u00e9s. Le peigne est ainsi stable et confortable \u00e0 tenir pendant le coiffage.<\/p>\n<p>Utilisable sur cheveux secs ou mouill\u00e9s, le volumateur de boucles Denman D17 est id\u00e9al pour tous ceux qui souhaitent donner du volume et de la forme \u00e0 leurs cheveux boucl\u00e9s.<\/p>\n<p><strong>Caract\u00e9ristiques principales :<\/strong><\/p>\n<ul>\n<li>Peigne \u00e0 volume sp\u00e9cialement con\u00e7u pour les cheveux boucl\u00e9s et permanent\u00e9s<\/li>\n<li>Dents tr\u00e8s longues qui descendent jusqu'\u00e0 la racine des cheveux<\/li>\n<li>Aide \u00e0 cr\u00e9er du volume et de l'\u00e9lasticit\u00e9<\/li>\n<li>12 dents lisses pour un peignage en douceur<\/li>\n<li>Convient pour modeler et soulever les boucles<\/li>\n<li>Poign\u00e9e ergonomique antid\u00e9rapante<\/li>\n<li>Convient aux cheveux secs et mouill\u00e9s<\/li>\n<li>La qualit\u00e9 professionnelle de Denman<\/li>\n<\/ul>","protected":false},"excerpt":{"rendered":"<p>Le peigne est vraiment destin\u00e9 \u00e0 donner du volume aux cheveux boucl\u00e9s et n'est pas adapt\u00e9 au d\u00e9m\u00ealage des cheveux.<\/p>","protected":false},"featured_media":15404,"comment_status":"open","ping_status":"closed","template":"","meta":{"_acf_changed":false},"product_brand":[652],"product_cat":[425,653,198],"product_tag":[],"class_list":["post-12695","product","type-product","status-publish","has-post-thumbnail","product_brand-denman","product_cat-accessoires","product_cat-denman","product_cat-merken","pa_geschikt-voor-lees-de-omschrijving","pa_inhoud-1-stuk","pa_merk-denmann","pa_soort-product-accessoires","first","instock","taxable","shipping-taxable","purchasable","product-type-simple"],"composite_virtual":false,"composite_layout":"","composite_add_to_cart_form_location":"","composite_editable_in_cart":false,"composite_sold_individually_context":"","composite_shop_price_calc":"","composite_components":[],"composite_scenarios":[],"exclude_global_add_ons":[],"addons":[],"acf":[],"_links":{"self":[{"href":"https:\/\/www.denatuurlijkekappershop.nl\/fr\/wp-json\/wp\/v2\/product\/12695","targetHints":{"allow":["GET"]}}],"collection":[{"href":"https:\/\/www.denatuurlijkekappershop.nl\/fr\/wp-json\/wp\/v2\/product"}],"about":[{"href":"https:\/\/www.denatuurlijkekappershop.nl\/fr\/wp-json\/wp\/v2\/types\/product"}],"replies":[{"embeddable":true,"href":"https:\/\/www.denatuurlijkekappershop.nl\/fr\/wp-json\/wp\/v2\/comments?post=12695"}],"wp:featuredmedia":[{"embeddable":true,"href":"https:\/\/www.denatuurlijkekappershop.nl\/fr\/wp-json\/wp\/v2\/media\/15404"}],"wp:attachment":[{"href":"https:\/\/www.denatuurlijkekappershop.nl\/fr\/wp-json\/wp\/v2\/media?parent=12695"}],"wp:term":[{"taxonomy":"product_brand","embeddable":true,"href":"https:\/\/www.denatuurlijkekappershop.nl\/fr\/wp-json\/wp\/v2\/product_brand?post=12695"},{"taxonomy":"product_cat","embeddable":true,"href":"https:\/\/www.denatuurlijkekappershop.nl\/fr\/wp-json\/wp\/v2\/product_cat?post=12695"},{"taxonomy":"product_tag","embeddable":true,"href":"https:\/\/www.denatuurlijkekappershop.nl\/fr\/wp-json\/wp\/v2\/product_tag?post=12695"}],"curies":[{"name":"wp","href":"https:\/\/api.w.org\/{rel}","templated":true}]}}

<p>Le <strong>Denman D17 Curl Volumiser</strong> est un peigne volumateur spécial pour cheveux bouclés, doté de dents extra-longues. Les dents atteignent la racine des cheveux et sont idéales pour soulever et créer plus de volume dans les cheveux naturellement bouclés ou permanentés.</p>
<p>Avec ses 12 dents lisses, ce peigne permet de former les boucles proprement et de donner plus de structure à la coiffure. Le peigne glisse en douceur dans les cheveux et tire moins sur les boucles, ce qui permet un coiffage confortable.</p>
<p>Le manche ergonomique est doté d'une texture antidérapante pour une meilleure prise en main, même sur cheveux mouillés. Le peigne est ainsi stable et confortable à tenir pendant le coiffage.</p>
<p>Utilisable sur cheveux secs ou mouillés, le volumateur de boucles Denman D17 est idéal pour tous ceux qui souhaitent donner du volume et de la forme à leurs cheveux bouclés.</p>
<p><strong>Caractéristiques principales :</strong></p>
<ul>
<li>Peigne à volume spécialement conçu pour les cheveux bouclés et permanentés</li>
<li>Dents très longues qui descendent jusqu'à la racine des cheveux</li>
<li>Aide à créer du volume et de l'élasticité</li>
<li>12 dents lisses pour un peignage en douceur</li>
<li>Convient pour modeler et soulever les boucles</li>
<li>Poignée ergonomique antidérapante</li>
<li>Convient aux cheveux secs et mouillés</li>
<li>La qualité professionnelle de Denman</li>
</ul>

<p>Le peigne est vraiment destiné à donner du volume aux cheveux bouclés et n'est pas adapté au démêlage des cheveux.</p>
