{"id":16390,"date":"2026-07-02T10:46:49","date_gmt":"2026-07-02T08:46:49","guid":{"rendered":"https:\/\/www.denatuurlijkekappershop.nl\/?post_type=product&#038;p=16390"},"modified":"2026-08-05T19:19:13","modified_gmt":"2026-08-05T17:19:13","slug":"acondicionador-sin-aclarado-conscio-curl-boost-150-ml","status":"publish","type":"product","link":"https:\/\/www.denatuurlijkekappershop.nl\/es\/conscio-leave-in-conditioner-krul-boost-150-ml\/","title":{"rendered":"CONSCIO Acondicionador sin aclarado Krul Boost 150 ml"},"content":{"rendered":"<p>El acondicionador sin aclarado CONSCIO Krul Boost aporta al cabello rizado y ondulado un cuidado extra, definici\u00f3n y elasticidad. Su f\u00f3rmula ligera no requiere aclarado y ayuda a cuidar el cabello sin apelmazar los rizos ni dejarlos sin volumen.<\/p>\n<p>La manteca de mango y el aceite de arg\u00e1n nutren el cabello, mientras que la glicerina y la beta\u00edna ayudan a retener la hidrataci\u00f3n. Gracias a ello, los rizos quedan m\u00e1s suaves y flexibles al tacto. Adem\u00e1s, este acondicionador sin aclarado ayuda a domar el cabello encrespado y a resaltar mejor la forma natural de los rizos.<\/p>\n<p>Utiliza el spray despu\u00e9s del lavado, sobre el pelo secado con toalla, para conseguir una mayor definici\u00f3n y unos rizos bonitos. El producto sin aclarado tambi\u00e9n se puede aplicar sobre el pelo seco para refrescar los rizos a lo largo del d\u00eda, reducir el encrespamiento y volver a dar forma al peinado.<\/p>\n<p>El sutil aroma de la flor de azahar natural completa el tratamiento.<\/p>","protected":false},"excerpt":{"rendered":"<p>Acondicionador sin aclarado ligero para cabello rizado y ondulado. Este spray nutritivo ayuda a definir los rizos, aporta m\u00e1s elasticidad y reduce el encrespamiento sin apelmazar el cabello. Tambi\u00e9n es ideal para refrescar y volver a dar forma a los rizos secos a lo largo del d\u00eda.<\/p>","protected":false},"featured_media":16391,"comment_status":"closed","ping_status":"closed","template":"","meta":{"_acf_changed":false},"product_brand":[693],"product_cat":[694,417,704],"product_tag":[],"class_list":["post-16390","product","type-product","status-publish","has-post-thumbnail","product_brand-conscio","product_cat-conscio","product_cat-conditioner-en-masker","product_cat-leave-in-conditioner-voor-krullen","pa_certificering-100-recyclebare-verpakking","pa_certificering-100-vegan","pa_geschikt-voor-antiklit","pa_geschikt-voor-beschadigd-haar","pa_geschikt-voor-dik-haar","pa_geschikt-voor-dof-haar","pa_geschikt-voor-droog-haar","pa_geschikt-voor-fijn-dun-haar","pa_geschikt-voor-gespleten-haarpunten","pa_geschikt-voor-krullen","pa_geschikt-voor-pluizig-haar","pa_inhoud-150ml","pa_merk-conscio","pa_soort-product-haarverzorging","first","instock","taxable","shipping-taxable","purchasable","product-type-simple"],"composite_virtual":false,"composite_layout":"","composite_add_to_cart_form_location":"","composite_editable_in_cart":false,"composite_sold_individually_context":"","composite_shop_price_calc":"","composite_components":[],"composite_scenarios":[],"exclude_global_add_ons":[],"addons":[],"acf":[],"_links":{"self":[{"href":"https:\/\/www.denatuurlijkekappershop.nl\/es\/wp-json\/wp\/v2\/product\/16390","targetHints":{"allow":["GET"]}}],"collection":[{"href":"https:\/\/www.denatuurlijkekappershop.nl\/es\/wp-json\/wp\/v2\/product"}],"about":[{"href":"https:\/\/www.denatuurlijkekappershop.nl\/es\/wp-json\/wp\/v2\/types\/product"}],"replies":[{"embeddable":true,"href":"https:\/\/www.denatuurlijkekappershop.nl\/es\/wp-json\/wp\/v2\/comments?post=16390"}],"wp:featuredmedia":[{"embeddable":true,"href":"https:\/\/www.denatuurlijkekappershop.nl\/es\/wp-json\/wp\/v2\/media\/16391"}],"wp:attachment":[{"href":"https:\/\/www.denatuurlijkekappershop.nl\/es\/wp-json\/wp\/v2\/media?parent=16390"}],"wp:term":[{"taxonomy":"product_brand","embeddable":true,"href":"https:\/\/www.denatuurlijkekappershop.nl\/es\/wp-json\/wp\/v2\/product_brand?post=16390"},{"taxonomy":"product_cat","embeddable":true,"href":"https:\/\/www.denatuurlijkekappershop.nl\/es\/wp-json\/wp\/v2\/product_cat?post=16390"},{"taxonomy":"product_tag","embeddable":true,"href":"https:\/\/www.denatuurlijkekappershop.nl\/es\/wp-json\/wp\/v2\/product_tag?post=16390"}],"curies":[{"name":"wp","href":"https:\/\/api.w.org\/{rel}","templated":true}]}}

<p>El acondicionador sin aclarado CONSCIO Krul Boost aporta al cabello rizado y ondulado un cuidado extra, definición y elasticidad. Su fórmula ligera no requiere aclarado y ayuda a cuidar el cabello sin apelmazar los rizos ni dejarlos sin volumen.</p>
<p>La manteca de mango y el aceite de argán nutren el cabello, mientras que la glicerina y la betaína ayudan a retener la hidratación. Gracias a ello, los rizos quedan más suaves y flexibles al tacto. Además, este acondicionador sin aclarado ayuda a domar el cabello encrespado y a resaltar mejor la forma natural de los rizos.</p>
<p>Utiliza el spray después del lavado, sobre el pelo secado con toalla, para conseguir una mayor definición y unos rizos bonitos. El producto sin aclarado también se puede aplicar sobre el pelo seco para refrescar los rizos a lo largo del día, reducir el encrespamiento y volver a dar forma al peinado.</p>
<p>El sutil aroma de la flor de azahar natural completa el tratamiento.</p>

<p>Acondicionador sin aclarado ligero para cabello rizado y ondulado. Este spray nutritivo ayuda a definir los rizos, aporta más elasticidad y reduce el encrespamiento sin apelmazar el cabello. También es ideal para refrescar y volver a dar forma a los rizos secos a lo largo del día.</p>
