{"id":16167,"date":"2026-06-22T13:54:18","date_gmt":"2026-06-22T11:54:18","guid":{"rendered":"https:\/\/www.denatuurlijkekappershop.nl\/?post_type=product&#038;p=16167"},"modified":"2026-08-28T12:17:19","modified_gmt":"2026-08-28T10:17:19","slug":"acondicionador-reparador-con-proteinas-conscio","status":"publish","type":"product","link":"https:\/\/www.denatuurlijkekappershop.nl\/es\/conscio-herstellende-proteine-conditioner\/","title":{"rendered":"CONSCIO Acondicionador reparador con prote\u00ednas"},"content":{"rendered":"<p>El acondicionador reparador con prote\u00ednas CONSCIO est\u00e1 dise\u00f1ado para el cabello da\u00f1ado, delicado y fr\u00e1gil que necesita un cuidado fortalecedor. Su f\u00f3rmula combina prote\u00ednas de arroz y de trigo con aceite de arg\u00e1n nutritivo y manteca de mango. De este modo, el cabello recibe tanto prote\u00ednas como l\u00edpidos nutritivos.<\/p>\n<p>La prote\u00edna de arroz hidrolizada ayuda a que el cabello se sienta m\u00e1s suave y brillante. La prote\u00edna de trigo favorece el equilibrio h\u00eddrico y ayuda a que las fibras capilares fr\u00e1giles se vuelvan m\u00e1s fuertes y resistentes. El aceite de arg\u00e1n ecol\u00f3gico prensado en fr\u00edo y la manteca de mango nutren los largos y las puntas secas y aportan una suavidad y flexibilidad adicionales.<\/p>\n<p>El acondicionador ayuda a reducir los enredos y facilita el peinado. Tras su uso, el cabello queda nutrido, sedoso y menos fr\u00e1gil. La f\u00f3rmula es adecuada para el cabello fino, pero tambi\u00e9n se puede utilizar en cabellos da\u00f1ados, te\u00f1idos, decolorados o sometidos regularmente a peinados con calor.<\/p>\n<p>Gracias al aceite natural de azahar, el acondicionador tiene un sutil aroma floral. La f\u00f3rmula es 100% natural, vegana y se fabrica en B\u00e9lgica. El frasco contiene 250 ml.<\/p>","protected":false},"excerpt":{"rendered":"<p>Acondicionador con prote\u00ednas naturales para cabello da\u00f1ado, fr\u00e1gil y fino. Las prote\u00ednas de arroz y trigo refuerzan la estructura capilar, mientras que el aceite de arg\u00e1n ecol\u00f3gico y la manteca de mango nutren el cabello en profundidad. Deja el cabello m\u00e1s fuerte, suave, brillante y f\u00e1cil de peinar, con un sutil aroma a flor de azahar.<br \/>\n<strong>Disponible en una botella de 250 ml y en un envase de recambio ecol\u00f3gico de 500 ml.<\/strong><\/p>","protected":false},"featured_media":16168,"comment_status":"closed","ping_status":"closed","template":"","meta":{"_acf_changed":false},"product_brand":[693],"product_cat":[694,417],"product_tag":[],"class_list":["post-16167","product","type-product","status-publish","has-post-thumbnail","product_brand-conscio","product_cat-conscio","product_cat-conditioner-en-masker","pa_certificering-100-recyclebare-verpakking","pa_certificering-100-vegan","pa_geschikt-voor-beschadigd-haar","pa_geschikt-voor-breekbaar-haar","pa_geschikt-voor-dof-haar","pa_geschikt-voor-droog-haar","pa_geschikt-voor-fijn-dun-haar","pa_geschikt-voor-geirriteerde-hoofdhuid","pa_geschikt-voor-geblondeerd-haar","pa_geschikt-voor-gekleurd-of-chemisch-behandeld-haar","pa_geschikt-voor-gespleten-haarpunten","pa_geschikt-voor-gevoelige-hoofdhuid","pa_geschikt-voor-kwetsbaar-haar","pa_geschikt-voor-normaal-haar","pa_geschikt-voor-ontkleurd-haar","pa_geschikt-voor-poreur-haar","pa_inhoud-250ml","pa_inhoud-500ml","pa_merk-conscio","pa_soort-product-haar-huid-herstel","pa_soort-product-haarverzorging","first","instock","taxable","shipping-taxable","purchasable","product-type-variable"],"composite_virtual":false,"composite_layout":"","composite_add_to_cart_form_location":"","composite_editable_in_cart":false,"composite_sold_individually_context":"","composite_shop_price_calc":"","composite_components":[],"composite_scenarios":[],"exclude_global_add_ons":[],"addons":[],"acf":[],"_links":{"self":[{"href":"https:\/\/www.denatuurlijkekappershop.nl\/es\/wp-json\/wp\/v2\/product\/16167","targetHints":{"allow":["GET"]}}],"collection":[{"href":"https:\/\/www.denatuurlijkekappershop.nl\/es\/wp-json\/wp\/v2\/product"}],"about":[{"href":"https:\/\/www.denatuurlijkekappershop.nl\/es\/wp-json\/wp\/v2\/types\/product"}],"replies":[{"embeddable":true,"href":"https:\/\/www.denatuurlijkekappershop.nl\/es\/wp-json\/wp\/v2\/comments?post=16167"}],"wp:featuredmedia":[{"embeddable":true,"href":"https:\/\/www.denatuurlijkekappershop.nl\/es\/wp-json\/wp\/v2\/media\/16168"}],"wp:attachment":[{"href":"https:\/\/www.denatuurlijkekappershop.nl\/es\/wp-json\/wp\/v2\/media?parent=16167"}],"wp:term":[{"taxonomy":"product_brand","embeddable":true,"href":"https:\/\/www.denatuurlijkekappershop.nl\/es\/wp-json\/wp\/v2\/product_brand?post=16167"},{"taxonomy":"product_cat","embeddable":true,"href":"https:\/\/www.denatuurlijkekappershop.nl\/es\/wp-json\/wp\/v2\/product_cat?post=16167"},{"taxonomy":"product_tag","embeddable":true,"href":"https:\/\/www.denatuurlijkekappershop.nl\/es\/wp-json\/wp\/v2\/product_tag?post=16167"}],"curies":[{"name":"wp","href":"https:\/\/api.w.org\/{rel}","templated":true}]}}

CONSCIO Acondicionador reparador con proteínas

<p>El acondicionador reparador con proteínas CONSCIO está diseñado para el cabello dañado, delicado y frágil que necesita un cuidado fortalecedor. Su fórmula combina proteínas de arroz y de trigo con aceite de argán nutritivo y manteca de mango. De este modo, el cabello recibe tanto proteínas como lípidos nutritivos.</p>
<p>La proteína de arroz hidrolizada ayuda a que el cabello se sienta más suave y brillante. La proteína de trigo favorece el equilibrio hídrico y ayuda a que las fibras capilares frágiles se vuelvan más fuertes y resistentes. El aceite de argán ecológico prensado en frío y la manteca de mango nutren los largos y las puntas secas y aportan una suavidad y flexibilidad adicionales.</p>
<p>El acondicionador ayuda a reducir los enredos y facilita el peinado. Tras su uso, el cabello queda nutrido, sedoso y menos frágil. La fórmula es adecuada para el cabello fino, pero también se puede utilizar en cabellos dañados, teñidos, decolorados o sometidos regularmente a peinados con calor.</p>
<p>Gracias al aceite natural de azahar, el acondicionador tiene un sutil aroma floral. La fórmula es 100% natural, vegana y se fabrica en Bélgica. El frasco contiene 250 ml.</p>

<p>Acondicionador con proteínas naturales para cabello dañado, frágil y fino. Las proteínas de arroz y trigo refuerzan la estructura capilar, mientras que el aceite de argán ecológico y la manteca de mango nutren el cabello en profundidad. Deja el cabello más fuerte, suave, brillante y fácil de peinar, con un sutil aroma a flor de azahar.<br />
<strong>Disponible en una botella de 250 ml y en un envase de recambio ecológico de 500 ml.</strong></p>
