{"id":13331,"date":"2024-12-24T17:10:30","date_gmt":"2024-12-24T16:10:30","guid":{"rendered":"https:\/\/www.denatuurlijkekappershop.nl\/?post_type=product&#038;p=13331"},"modified":"2026-08-19T21:22:30","modified_gmt":"2026-08-19T19:22:30","slug":"zenz-organic-tinte-de-un-dia-para-dar-volumen-rubio-n-o-35","status":"publish","type":"product","link":"https:\/\/www.denatuurlijkekappershop.nl\/es\/zenz-organic-kleur-voor-1-dag-volume-boost-blonde-blond-nr-35\/","title":{"rendered":"ZENZ Organic \u2013 Color para un d\u00eda y aumento de volumen rubio \/ rubio n.\u00ba 35"},"content":{"rendered":"<p><strong>ZENZ Organic \u2013 Color para un d\u00eda y aumento de volumen, rubio n.\u00ba 35<\/strong> Es un polvo capilar de color con fibras vegetales que aporta al cabello volumen y un aspecto m\u00e1s denso al instante.<\/p>\n<p>Las finas fibras vegetales y los pigmentos de color se mezclan con el propio cabello y proporcionan un resultado de aspecto natural. De este modo, el cabello puede parecer m\u00e1s voluminoso a simple vista y el peinado gana en estructura y cuerpo.<\/p>\n<p>Las fibras ligeras se adhieren al cabello y ayudan a darle m\u00e1s volumen. De este modo, el peinado puede parecer m\u00e1s voluminoso sin que resulte pesado ni pegajoso al tacto.<\/p>\n<p>Adem\u00e1s, el polvo capilar absorbe ligeramente la grasa, lo que permite que el cabello mantenga un aspecto fresco durante m\u00e1s tiempo. El producto es f\u00e1cil de aplicar y se puede combinar con otros productos de peinado.<\/p>\n<p>Las fibras se pueden lavar f\u00e1cilmente con un champ\u00fa normal.<\/p>\n<p><strong>Caracter\u00edsticas principales:<\/strong><\/p>\n<ul>\n<li>Polvo para el cabello te\u00f1ido con fibras vegetales<\/li>\n<li>Aporta volumen al cabello al instante<\/li>\n<li>Haz que el pelo parezca m\u00e1s voluminoso a simple vista<\/li>\n<li>Apto para el pelo rubio<\/li>\n<li>Sin perfume y sin aceites esenciales<\/li>\n<li>Vegano<\/li>\n<li>Ligeramente absorbente de aceite<\/li>\n<li>F\u00e1cil de usar<\/li>\n<\/ul>","protected":false},"excerpt":{"rendered":"<p>Polvo voluminizador para cabello rubio que aporta al instante m\u00e1s volumen y un aspecto m\u00e1s denso. Ideal para que el cabello parezca m\u00e1s denso a simple vista.<\/p>","protected":false},"featured_media":15369,"comment_status":"open","ping_status":"closed","template":"","meta":{"_acf_changed":false},"product_brand":[603],"product_cat":[413,198,430],"product_tag":[],"class_list":["post-13331","product","type-product","status-publish","has-post-thumbnail","product_brand-zenz-organic","product_cat-zenz-organic","product_cat-merken","product_cat-styling","pa_certificering-100-vegan","pa_certificering-cruelty-free","pa_geschikt-voor-elk-haartype","pa_geschikt-voor-volume","pa_inhoud-25g","pa_merk-zenz-organic","pa_soort-product-styling","first","instock","taxable","shipping-taxable","purchasable","product-type-simple"],"composite_virtual":false,"composite_layout":"","composite_add_to_cart_form_location":"","composite_editable_in_cart":false,"composite_sold_individually_context":"","composite_shop_price_calc":"","composite_components":[],"composite_scenarios":[],"exclude_global_add_ons":[],"addons":[],"acf":[],"_links":{"self":[{"href":"https:\/\/www.denatuurlijkekappershop.nl\/es\/wp-json\/wp\/v2\/product\/13331","targetHints":{"allow":["GET"]}}],"collection":[{"href":"https:\/\/www.denatuurlijkekappershop.nl\/es\/wp-json\/wp\/v2\/product"}],"about":[{"href":"https:\/\/www.denatuurlijkekappershop.nl\/es\/wp-json\/wp\/v2\/types\/product"}],"replies":[{"embeddable":true,"href":"https:\/\/www.denatuurlijkekappershop.nl\/es\/wp-json\/wp\/v2\/comments?post=13331"}],"wp:featuredmedia":[{"embeddable":true,"href":"https:\/\/www.denatuurlijkekappershop.nl\/es\/wp-json\/wp\/v2\/media\/15369"}],"wp:attachment":[{"href":"https:\/\/www.denatuurlijkekappershop.nl\/es\/wp-json\/wp\/v2\/media?parent=13331"}],"wp:term":[{"taxonomy":"product_brand","embeddable":true,"href":"https:\/\/www.denatuurlijkekappershop.nl\/es\/wp-json\/wp\/v2\/product_brand?post=13331"},{"taxonomy":"product_cat","embeddable":true,"href":"https:\/\/www.denatuurlijkekappershop.nl\/es\/wp-json\/wp\/v2\/product_cat?post=13331"},{"taxonomy":"product_tag","embeddable":true,"href":"https:\/\/www.denatuurlijkekappershop.nl\/es\/wp-json\/wp\/v2\/product_tag?post=13331"}],"curies":[{"name":"wp","href":"https:\/\/api.w.org\/{rel}","templated":true}]}}

ZENZ Organic – Color para un día y aumento de volumen rubio / rubio n.º 35

<p><strong>ZENZ Organic – Color para un día y aumento de volumen, rubio n.º 35</strong> Es un polvo capilar de color con fibras vegetales que aporta al cabello volumen y un aspecto más denso al instante.</p>
<p>Las finas fibras vegetales y los pigmentos de color se mezclan con el propio cabello y proporcionan un resultado de aspecto natural. De este modo, el cabello puede parecer más voluminoso a simple vista y el peinado gana en estructura y cuerpo.</p>
<p>Las fibras ligeras se adhieren al cabello y ayudan a darle más volumen. De este modo, el peinado puede parecer más voluminoso sin que resulte pesado ni pegajoso al tacto.</p>
<p>Además, el polvo capilar absorbe ligeramente la grasa, lo que permite que el cabello mantenga un aspecto fresco durante más tiempo. El producto es fácil de aplicar y se puede combinar con otros productos de peinado.</p>
<p>Las fibras se pueden lavar fácilmente con un champú normal.</p>
<p><strong>Características principales:</strong></p>
<ul>
<li>Polvo para el cabello teñido con fibras vegetales</li>
<li>Aporta volumen al cabello al instante</li>
<li>Haz que el pelo parezca más voluminoso a simple vista</li>
<li>Apto para el pelo rubio</li>
<li>Sin perfume y sin aceites esenciales</li>
<li>Vegano</li>
<li>Ligeramente absorbente de aceite</li>
<li>Fácil de usar</li>
</ul>

<p>Polvo voluminizador para cabello rubio que aporta al instante más volumen y un aspecto más denso. Ideal para que el cabello parezca más denso a simple vista.</p>
