{"id":12695,"date":"2024-06-07T17:17:26","date_gmt":"2024-06-07T15:17:26","guid":{"rendered":"https:\/\/denatuurlijkekapper.nl\/?post_type=product&#038;p=12695"},"modified":"2026-07-19T11:59:20","modified_gmt":"2026-07-19T09:59:20","slug":"peine-voluminizador-para-rizos-denmann-d17","status":"publish","type":"product","link":"https:\/\/www.denatuurlijkekappershop.nl\/es\/denmann-d17-curl-volumiser-kam\/","title":{"rendered":"Peine Denmann D17 para dar volumen a los rizos"},"content":{"rendered":"<p>El <strong>Denman D17 Curl Volumiser<\/strong> Es un peine especial para dar volumen al cabello rizado, con p\u00faas extralargas. Las p\u00faas llegan hasta la ra\u00edz del cabello y son ideales para levantar el cabello y crear m\u00e1s volumen en el cabello rizado natural o con permanente.<\/p>\n<p>Con sus 12 p\u00faas lisas, este peine ayuda a dar forma a los rizos y a aportar m\u00e1s estructura al peinado. El peine se desliza con suavidad por el cabello y tira menos de los rizos, lo que permite peinarlo c\u00f3modamente.<\/p>\n<p>El mango ergon\u00f3mico tiene una superficie antideslizante que proporciona un agarre adicional, incluso cuando se utiliza sobre el pelo mojado. Gracias a ello, el peine se sujeta de forma estable y c\u00f3moda en la mano mientras se peina el cabello.<\/p>\n<p>El Denman D17 Curl Volumiser se puede utilizar tanto en el pelo mojado como en el seco y es ideal para quienes desean aportar volumen y forma adicionales al pelo rizado.<\/p>\n<p><strong>Caracter\u00edsticas principales:<\/strong><\/p>\n<ul>\n<li>Peine para dar volumen, especial para cabello rizado y con permanente<\/li>\n<li>Dientes extralargos que llegan hasta la ra\u00edz del pelo<\/li>\n<li>Ayuda a aportar cuerpo y volumen<\/li>\n<li>12 p\u00faas lisas para un peinado suave<\/li>\n<li>Ideal para dar forma y volumen a los rizos<\/li>\n<li>Mango ergon\u00f3mico con superficie antideslizante<\/li>\n<li>Apto para su uso en cabello h\u00famedo y seco<\/li>\n<li>Calidad profesional de Denman<\/li>\n<\/ul>","protected":false},"excerpt":{"rendered":"<p>El peine est\u00e1 pensado realmente para dar cuerpo y volumen al pelo rizado y no es tan adecuado para desenredarlo.<\/p>","protected":false},"featured_media":15404,"comment_status":"open","ping_status":"closed","template":"","meta":{"_acf_changed":false},"product_brand":[652],"product_cat":[425,653,198],"product_tag":[],"class_list":["post-12695","product","type-product","status-publish","has-post-thumbnail","product_brand-denman","product_cat-accessoires","product_cat-denman","product_cat-merken","pa_geschikt-voor-lees-de-omschrijving","pa_inhoud-1-stuk","pa_merk-denmann","pa_soort-product-accessoires","first","instock","taxable","shipping-taxable","purchasable","product-type-simple"],"composite_virtual":false,"composite_layout":"","composite_add_to_cart_form_location":"","composite_editable_in_cart":false,"composite_sold_individually_context":"","composite_shop_price_calc":"","composite_components":[],"composite_scenarios":[],"exclude_global_add_ons":[],"addons":[],"acf":[],"_links":{"self":[{"href":"https:\/\/www.denatuurlijkekappershop.nl\/es\/wp-json\/wp\/v2\/product\/12695","targetHints":{"allow":["GET"]}}],"collection":[{"href":"https:\/\/www.denatuurlijkekappershop.nl\/es\/wp-json\/wp\/v2\/product"}],"about":[{"href":"https:\/\/www.denatuurlijkekappershop.nl\/es\/wp-json\/wp\/v2\/types\/product"}],"replies":[{"embeddable":true,"href":"https:\/\/www.denatuurlijkekappershop.nl\/es\/wp-json\/wp\/v2\/comments?post=12695"}],"wp:featuredmedia":[{"embeddable":true,"href":"https:\/\/www.denatuurlijkekappershop.nl\/es\/wp-json\/wp\/v2\/media\/15404"}],"wp:attachment":[{"href":"https:\/\/www.denatuurlijkekappershop.nl\/es\/wp-json\/wp\/v2\/media?parent=12695"}],"wp:term":[{"taxonomy":"product_brand","embeddable":true,"href":"https:\/\/www.denatuurlijkekappershop.nl\/es\/wp-json\/wp\/v2\/product_brand?post=12695"},{"taxonomy":"product_cat","embeddable":true,"href":"https:\/\/www.denatuurlijkekappershop.nl\/es\/wp-json\/wp\/v2\/product_cat?post=12695"},{"taxonomy":"product_tag","embeddable":true,"href":"https:\/\/www.denatuurlijkekappershop.nl\/es\/wp-json\/wp\/v2\/product_tag?post=12695"}],"curies":[{"name":"wp","href":"https:\/\/api.w.org\/{rel}","templated":true}]}}

<p>El <strong>Denman D17 Curl Volumiser</strong> Es un peine especial para dar volumen al cabello rizado, con púas extralargas. Las púas llegan hasta la raíz del cabello y son ideales para levantar el cabello y crear más volumen en el cabello rizado natural o con permanente.</p>
<p>Con sus 12 púas lisas, este peine ayuda a dar forma a los rizos y a aportar más estructura al peinado. El peine se desliza con suavidad por el cabello y tira menos de los rizos, lo que permite peinarlo cómodamente.</p>
<p>El mango ergonómico tiene una superficie antideslizante que proporciona un agarre adicional, incluso cuando se utiliza sobre el pelo mojado. Gracias a ello, el peine se sujeta de forma estable y cómoda en la mano mientras se peina el cabello.</p>
<p>El Denman D17 Curl Volumiser se puede utilizar tanto en el pelo mojado como en el seco y es ideal para quienes desean aportar volumen y forma adicionales al pelo rizado.</p>
<p><strong>Características principales:</strong></p>
<ul>
<li>Peine para dar volumen, especial para cabello rizado y con permanente</li>
<li>Dientes extralargos que llegan hasta la raíz del pelo</li>
<li>Ayuda a aportar cuerpo y volumen</li>
<li>12 púas lisas para un peinado suave</li>
<li>Ideal para dar forma y volumen a los rizos</li>
<li>Mango ergonómico con superficie antideslizante</li>
<li>Apto para su uso en cabello húmedo y seco</li>
<li>Calidad profesional de Denman</li>
</ul>

<p>El peine está pensado realmente para dar cuerpo y volumen al pelo rizado y no es tan adecuado para desenredarlo.</p>
