{"id":12528,"date":"2024-05-09T21:13:27","date_gmt":"2024-05-09T19:13:27","guid":{"rendered":"https:\/\/denatuurlijkekapper.nl\/?post_type=product&#038;p=12528"},"modified":"2026-08-31T15:45:40","modified_gmt":"2026-08-31T13:45:40","slug":"rodolphe-co-mascarilla-hidratante-para-el-cabello-250-ml","status":"publish","type":"product","link":"https:\/\/www.denatuurlijkekappershop.nl\/es\/rodolphe-co-hydrating-hair-mask-250ml\/","title":{"rendered":"Mascarilla capilar hidratante R&amp;C, 250 ml"},"content":{"rendered":"<p><strong>Mascarilla hidratante para el cabello R&amp;C, 250 ml<\/strong> Es una mascarilla capilar nutritiva que hidrata y nutre el cabello sin apelmazarlo. La mascarilla es apta para distintos tipos de cabello y puede resultar especialmente beneficiosa para el cabello seco o tratado que necesite un cuidado adicional.<\/p>\n<p>La f\u00f3rmula contiene, entre otros, <strong>aloe vera, aceite de arg\u00e1n, manteca de karit\u00e9, aceite de aguacate y extractos vegetales<\/strong>. Estos ingredientes son conocidos por sus propiedades nutritivas y ayudan a que el cabello se sienta suave y brillante.<\/p>\n<p>La mascarilla se puede aplicar sobre el cabello secado con toalla despu\u00e9s del lavado y dejar actuar durante unos minutos antes de aclararla. Gracias a su f\u00f3rmula concentrada, basta con una peque\u00f1a cantidad.<\/p>\n<p>Despu\u00e9s de su uso, el cabello queda nutrido y es m\u00e1s f\u00e1cil de peinar y moldear.<\/p>\n<p><strong>Caracter\u00edsticas principales:<\/strong><\/p>\n<ul>\n<li>Mascarilla capilar nutritiva<\/li>\n<li>Apto para diferentes tipos de cabello<\/li>\n<li>Con aloe vera, aceite de arg\u00e1n, aceite de aguacate y manteca de karit\u00e9<\/li>\n<li>Ayuda a que el cabello se sienta suave y sedoso<\/li>\n<li>No apelmaza el cabello<\/li>\n<li>F\u00f3rmula concentrada<\/li>\n<li>Apto para un uso habitual<\/li>\n<li>Contenido: 250 ml<\/li>\n<\/ul>","protected":false},"excerpt":{"rendered":"<p>Esta mascarilla repara y protege el cabello sin apelmazarlo.<\/p>","protected":false},"featured_media":15299,"comment_status":"open","ping_status":"closed","template":"","meta":{"_acf_changed":false},"product_brand":[598],"product_cat":[415,417,716,703,198,410],"product_tag":[],"class_list":["post-12528","product","type-product","status-publish","has-post-thumbnail","product_brand-rodolphe-co","product_cat-haarverzorging","product_cat-conditioner-en-masker","product_cat-haar-dat-verandert","product_cat-haarmasker-voor-krullen","product_cat-merken","product_cat-rodolphe-co","pa_certificering-1-for-the-planet","pa_geschikt-voor-beschadigd-haar","pa_geschikt-voor-droog-haar","pa_geschikt-voor-elk-haartype","pa_geschikt-voor-gekleurd-haar","pa_geschikt-voor-gespleten-haarpunten","pa_geschikt-voor-krullen","pa_geschikt-voor-lang-haar","pa_inhoud-250ml","pa_merk-rodolphe-co","pa_soort-product-haarverzorging","first","instock","taxable","shipping-taxable","purchasable","product-type-simple"],"composite_virtual":false,"composite_layout":"","composite_add_to_cart_form_location":"","composite_editable_in_cart":false,"composite_sold_individually_context":"","composite_shop_price_calc":"","composite_components":[],"composite_scenarios":[],"exclude_global_add_ons":[],"addons":[],"acf":[],"_links":{"self":[{"href":"https:\/\/www.denatuurlijkekappershop.nl\/es\/wp-json\/wp\/v2\/product\/12528","targetHints":{"allow":["GET"]}}],"collection":[{"href":"https:\/\/www.denatuurlijkekappershop.nl\/es\/wp-json\/wp\/v2\/product"}],"about":[{"href":"https:\/\/www.denatuurlijkekappershop.nl\/es\/wp-json\/wp\/v2\/types\/product"}],"replies":[{"embeddable":true,"href":"https:\/\/www.denatuurlijkekappershop.nl\/es\/wp-json\/wp\/v2\/comments?post=12528"}],"wp:featuredmedia":[{"embeddable":true,"href":"https:\/\/www.denatuurlijkekappershop.nl\/es\/wp-json\/wp\/v2\/media\/15299"}],"wp:attachment":[{"href":"https:\/\/www.denatuurlijkekappershop.nl\/es\/wp-json\/wp\/v2\/media?parent=12528"}],"wp:term":[{"taxonomy":"product_brand","embeddable":true,"href":"https:\/\/www.denatuurlijkekappershop.nl\/es\/wp-json\/wp\/v2\/product_brand?post=12528"},{"taxonomy":"product_cat","embeddable":true,"href":"https:\/\/www.denatuurlijkekappershop.nl\/es\/wp-json\/wp\/v2\/product_cat?post=12528"},{"taxonomy":"product_tag","embeddable":true,"href":"https:\/\/www.denatuurlijkekappershop.nl\/es\/wp-json\/wp\/v2\/product_tag?post=12528"}],"curies":[{"name":"wp","href":"https:\/\/api.w.org\/{rel}","templated":true}]}}

<p><strong>Mascarilla hidratante para el cabello R&amp;C, 250 ml</strong> Es una mascarilla capilar nutritiva que hidrata y nutre el cabello sin apelmazarlo. La mascarilla es apta para distintos tipos de cabello y puede resultar especialmente beneficiosa para el cabello seco o tratado que necesite un cuidado adicional.</p>
<p>La fórmula contiene, entre otros, <strong>aloe vera, aceite de argán, manteca de karité, aceite de aguacate y extractos vegetales</strong>. Estos ingredientes son conocidos por sus propiedades nutritivas y ayudan a que el cabello se sienta suave y brillante.</p>
<p>La mascarilla se puede aplicar sobre el cabello secado con toalla después del lavado y dejar actuar durante unos minutos antes de aclararla. Gracias a su fórmula concentrada, basta con una pequeña cantidad.</p>
<p>Después de su uso, el cabello queda nutrido y es más fácil de peinar y moldear.</p>
<p><strong>Características principales:</strong></p>
<ul>
<li>Mascarilla capilar nutritiva</li>
<li>Apto para diferentes tipos de cabello</li>
<li>Con aloe vera, aceite de argán, aceite de aguacate y manteca de karité</li>
<li>Ayuda a que el cabello se sienta suave y sedoso</li>
<li>No apelmaza el cabello</li>
<li>Fórmula concentrada</li>
<li>Apto para un uso habitual</li>
<li>Contenido: 250 ml</li>
</ul>
